{"id":1081,"date":"2011-01-22T12:17:52","date_gmt":"2011-01-22T12:17:52","guid":{"rendered":"http:\/\/www.adavaveiro.org\/?page_id=1081"},"modified":"2017-11-12T10:39:44","modified_gmt":"2017-11-12T10:39:44","slug":"adav-no-diario-de-aveiro","status":"publish","type":"page","link":"https:\/\/www.adavaveiro.org\/?page_id=1081","title":{"rendered":"IMPRENSA"},"content":{"rendered":"<p>Em janeiro 2011, no Di\u00e1rio de Aveiro, deu-se in\u00edcio \u00e0 publica\u00e7\u00e3o de um artigo semanal.<\/p>\n","protected":false},"excerpt":{"rendered":"<p>Em janeiro 2011, no Di\u00e1rio de Aveiro, deu-se in\u00edcio \u00e0 publica\u00e7\u00e3o de um artigo semanal.<\/p>\n","protected":false},"author":1,"featured_media":0,"parent":0,"menu_order":0,"comment_status":"closed","ping_status":"closed","template":"","meta":{"footnotes":""},"class_list":["post-1081","page","type-page","status-publish","hentry"],"_links":{"self":[{"href":"https:\/\/www.adavaveiro.org\/index.php?rest_route=\/wp\/v2\/pages\/1081","targetHints":{"allow":["GET"]}}],"collection":[{"href":"https:\/\/www.adavaveiro.org\/index.php?rest_route=\/wp\/v2\/pages"}],"about":[{"href":"https:\/\/www.adavaveiro.org\/index.php?rest_route=\/wp\/v2\/types\/page"}],"author":[{"embeddable":true,"href":"https:\/\/www.adavaveiro.org\/index.php?rest_route=\/wp\/v2\/users\/1"}],"replies":[{"embeddable":true,"href":"https:\/\/www.adavaveiro.org\/index.php?rest_route=%2Fwp%2Fv2%2Fcomments&post=1081"}],"version-history":[{"count":8,"href":"https:\/\/www.adavaveiro.org\/index.php?rest_route=\/wp\/v2\/pages\/1081\/revisions"}],"predecessor-version":[{"id":3436,"href":"https:\/\/www.adavaveiro.org\/index.php?rest_route=\/wp\/v2\/pages\/1081\/revisions\/3436"}],"wp:attachment":[{"href":"https:\/\/www.adavaveiro.org\/index.php?rest_route=%2Fwp%2Fv2%2Fmedia&parent=1081"}],"curies":[{"name":"wp","href":"https:\/\/api.w.org\/{rel}","templated":true}]}}

<p>Em janeiro 2011, no Diário de Aveiro, deu-se início à publicação de um artigo semanal.</p>
