{"id":1098,"date":"2011-01-29T17:13:36","date_gmt":"2011-01-29T17:13:36","guid":{"rendered":"http:\/\/www.adavaveiro.org\/?page_id=1098"},"modified":"2012-04-21T07:24:10","modified_gmt":"2012-04-21T07:24:10","slug":"uma-resposta-em-sociedade","status":"publish","type":"page","link":"https:\/\/www.adavaveiro.org\/?page_id=1098","title":{"rendered":"uma resposta em sociedade"},"content":{"rendered":"<p>Uma resposta em sociedade para uma necessidade da sociedade<\/p>\n<p><a rel=\"attachment wp-att-1102\" href=\"http:\/\/www.adavaveiro.org\/?attachment_id=1102\"><img loading=\"lazy\" decoding=\"async\" class=\"aligncenter size-thumbnail wp-image-1102\" title=\"bebe ao colo\" src=\"http:\/\/www.adavaveiro.org\/wp-content\/uploads\/2011\/01\/bebe-ao-colo-193x260.jpg\" alt=\"\" width=\"193\" height=\"260\" srcset=\"https:\/\/www.adavaveiro.org\/wp-content\/uploads\/2011\/01\/bebe-ao-colo-193x260.jpg 193w, https:\/\/www.adavaveiro.org\/wp-content\/uploads\/2011\/01\/bebe-ao-colo-223x300.jpg 223w, https:\/\/www.adavaveiro.org\/wp-content\/uploads\/2011\/01\/bebe-ao-colo.jpg 250w\" sizes=\"auto, (max-width: 193px) 100vw, 193px\" \/><\/a><br \/>\nDecorreram dez anos desde que a ADAV &#8211; Aveiro foi fundada, como resposta a uma necessidade sentida como urgente. Dois anos tinham decorrido desde a realiza\u00e7\u00e3o do primeiro referendo sobre o aborto e muitos firmavam a sua argumenta\u00e7\u00e3o a favor da liberaliza\u00e7\u00e3o desta pr\u00e1tica na convic\u00e7\u00e3o de que a sociedade n\u00e3o tinha respostas para as mulheres gr\u00e1vidas que, por qualquer motivo, se encontravam em situa\u00e7\u00e3o de risco.<\/p>\n<p>Face \u00e0 prem\u00eancia de tal desafio, muitos foram os que uniram os seus esfor\u00e7os no sentido de organizar uma resposta estruturada para tal necessidade.<\/p>\n<p>Ent\u00e3o, como hoje, a ADAV afigurou-se como uma proposta de apoio e aux\u00edlio precoce ou imediato para a mulher que, estando gr\u00e1vida, se encontrava num qualquer quadro de necessidade que pudesse constituir-se como risco para si e para o seu filho.<\/p>\n<p>Ent\u00e3o, como hoje, a ADAV definiu-se pela defesa de um todo solid\u00e1rio em que nenhum dos intervenientes ganharia em preju\u00edzo do outro. Sempre que a ADAV necessitou de afirmar os alicerces sobre os quais assenta, sublinhou estar do lado que salvaguarda m\u00e3e e filho sem preju\u00edzo de nenhum. Do lado da m\u00e3e, protegendo-a de todas as agress\u00f5es, inclusive dos que a pretendem for\u00e7ar a desistir de ser m\u00e3e, por press\u00f5es ou amea\u00e7as, seja no contexto laboral, seja por parte de companheiros ou familiares. Do lado do filho, reafirmando a sua dignidade, preconizada na pr\u00f3pria Constitui\u00e7\u00e3o da Rep\u00fablica, garantindo condi\u00e7\u00f5es de aux\u00edlio que permitissem aliviar as dificuldades financeiras ou de outra ordem que fossem factor para a emerg\u00eancia de qualquer sentimento de abandono.<\/p>\n<p>Ent\u00e3o, como hoje, a ADAV sublinhou que s\u00f3 uma sociedade que protege os mais fr\u00e1geis, seja a m\u00e3e desamparada ou abandonada, seja o filho sem voz nem rosto, pode aspirar a um futuro promissor. S\u00f3 com pol\u00edticas de protec\u00e7\u00e3o \u00e0 maternidade e paternidade co-respons\u00e1veis pode, efectivamente, combater-se a invers\u00e3o da pir\u00e2mide et\u00e1ria que tem feito perigar os sistemas de seguran\u00e7a social e, com eles, o futuro do Estado Social.<\/p>\n<p>Ent\u00e3o, como hoje, a ADAV preconizou ser necess\u00e1rio apostar numa educa\u00e7\u00e3o sexual que n\u00e3o se baste em comunicar informa\u00e7\u00f5es, dispon\u00edveis, ali\u00e1s, sem a formalidade do sistema educativo, mas que proponha quadros de valores \u00e9ticos que humanizem a sexualidade e a tornem factor de constru\u00e7\u00e3o de rela\u00e7\u00f5es humanas personalizantes.<\/p>\n<p>Ent\u00e3o, como hoje, a ADAV sustentou que a neutralidade \u00e9tica do Estado n\u00e3o constr\u00f3i uma sociedade solid\u00e1ria, mas solit\u00e1ria. S\u00f3 um Estado capaz de proteger, com as leis, os valores mais importantes ser\u00e1 capaz de manter-se coeso e socialmente estruturado.<\/p>\n<p>\u00c9 em torno de tais valores que, ao longo de uma d\u00e9cada, na discri\u00e7\u00e3o do acolhimento atento, a ADAV tem procurado levar a resposta \u00e0s silenciosas necessidades de m\u00e3es e respectivas fam\u00edlias. Um aux\u00edlio que os n\u00fameros confirmam corresponder a uma necessidade crescente, atendendo \u00e0 duplica\u00e7\u00e3o do n\u00famero de situa\u00e7\u00f5es acompanhadas nos \u00faltimos tr\u00eas anos.<\/p>\n<p>Lu\u00eds Manuel Silva<\/p>\n<p>Presidente da direc\u00e7\u00e3o da ADAV<\/p>\n<p>22 de janeiro de 2011<\/p>\n","protected":false},"excerpt":{"rendered":"<p>Uma resposta em sociedade para uma necessidade da sociedade Decorreram dez anos desde que a ADAV &#8211; Aveiro foi fundada, como resposta a uma necessidade sentida como urgente. Dois anos tinham decorrido desde a realiza\u00e7\u00e3o do primeiro referendo sobre o &hellip; <a href=\"https:\/\/www.adavaveiro.org\/?page_id=1098\">Continuar a ler <span class=\"meta-nav\">&rarr;<\/span><\/a><\/p>\n","protected":false},"author":1,"featured_media":0,"parent":1081,"menu_order":0,"comment_status":"closed","ping_status":"open","template":"","meta":{"footnotes":""},"class_list":["post-1098","page","type-page","status-publish","hentry"],"_links":{"self":[{"href":"https:\/\/www.adavaveiro.org\/index.php?rest_route=\/wp\/v2\/pages\/1098","targetHints":{"allow":["GET"]}}],"collection":[{"href":"https:\/\/www.adavaveiro.org\/index.php?rest_route=\/wp\/v2\/pages"}],"about":[{"href":"https:\/\/www.adavaveiro.org\/index.php?rest_route=\/wp\/v2\/types\/page"}],"author":[{"embeddable":true,"href":"https:\/\/www.adavaveiro.org\/index.php?rest_route=\/wp\/v2\/users\/1"}],"replies":[{"embeddable":true,"href":"https:\/\/www.adavaveiro.org\/index.php?rest_route=%2Fwp%2Fv2%2Fcomments&post=1098"}],"version-history":[{"count":11,"href":"https:\/\/www.adavaveiro.org\/index.php?rest_route=\/wp\/v2\/pages\/1098\/revisions"}],"predecessor-version":[{"id":2353,"href":"https:\/\/www.adavaveiro.org\/index.php?rest_route=\/wp\/v2\/pages\/1098\/revisions\/2353"}],"up":[{"embeddable":true,"href":"https:\/\/www.adavaveiro.org\/index.php?rest_route=\/wp\/v2\/pages\/1081"}],"wp:attachment":[{"href":"https:\/\/www.adavaveiro.org\/index.php?rest_route=%2Fwp%2Fv2%2Fmedia&parent=1098"}],"curies":[{"name":"wp","href":"https:\/\/api.w.org\/{rel}","templated":true}]}}

<p>Uma resposta em sociedade para uma necessidade da sociedade</p>
<p><a rel="attachment wp-att-1102" href="http://www.adavaveiro.org/?attachment_id=1102"><img loading="lazy" decoding="async" class="aligncenter size-thumbnail wp-image-1102" title="bebe ao colo" src="http://www.adavaveiro.org/wp-content/uploads/2011/01/bebe-ao-colo-193x260.jpg" alt="" width="193" height="260" srcset="https://www.adavaveiro.org/wp-content/uploads/2011/01/bebe-ao-colo-193x260.jpg 193w, https://www.adavaveiro.org/wp-content/uploads/2011/01/bebe-ao-colo-223x300.jpg 223w, https://www.adavaveiro.org/wp-content/uploads/2011/01/bebe-ao-colo.jpg 250w" sizes="auto, (max-width: 193px) 100vw, 193px" /></a><br />
Decorreram dez anos desde que a ADAV &#8211; Aveiro foi fundada, como resposta a uma necessidade sentida como urgente. Dois anos tinham decorrido desde a realização do primeiro referendo sobre o aborto e muitos firmavam a sua argumentação a favor da liberalização desta prática na convicção de que a sociedade não tinha respostas para as mulheres grávidas que, por qualquer motivo, se encontravam em situação de risco.</p>
<p>Face à premência de tal desafio, muitos foram os que uniram os seus esforços no sentido de organizar uma resposta estruturada para tal necessidade.</p>
<p>Então, como hoje, a ADAV afigurou-se como uma proposta de apoio e auxílio precoce ou imediato para a mulher que, estando grávida, se encontrava num qualquer quadro de necessidade que pudesse constituir-se como risco para si e para o seu filho.</p>
<p>Então, como hoje, a ADAV definiu-se pela defesa de um todo solidário em que nenhum dos intervenientes ganharia em prejuízo do outro. Sempre que a ADAV necessitou de afirmar os alicerces sobre os quais assenta, sublinhou estar do lado que salvaguarda mãe e filho sem prejuízo de nenhum. Do lado da mãe, protegendo-a de todas as agressões, inclusive dos que a pretendem forçar a desistir de ser mãe, por pressões ou ameaças, seja no contexto laboral, seja por parte de companheiros ou familiares. Do lado do filho, reafirmando a sua dignidade, preconizada na própria Constituição da República, garantindo condições de auxílio que permitissem aliviar as dificuldades financeiras ou de outra ordem que fossem factor para a emergência de qualquer sentimento de abandono.</p>
<p>Então, como hoje, a ADAV sublinhou que só uma sociedade que protege os mais frágeis, seja a mãe desamparada ou abandonada, seja o filho sem voz nem rosto, pode aspirar a um futuro promissor. Só com políticas de protecção à maternidade e paternidade co-responsáveis pode, efectivamente, combater-se a inversão da pirâmide etária que tem feito perigar os sistemas de segurança social e, com eles, o futuro do Estado Social.</p>
<p>Então, como hoje, a ADAV preconizou ser necessário apostar numa educação sexual que não se baste em comunicar informações, disponíveis, aliás, sem a formalidade do sistema educativo, mas que proponha quadros de valores éticos que humanizem a sexualidade e a tornem factor de construção de relações humanas personalizantes.</p>
<p>Então, como hoje, a ADAV sustentou que a neutralidade ética do Estado não constrói uma sociedade solidária, mas solitária. Só um Estado capaz de proteger, com as leis, os valores mais importantes será capaz de manter-se coeso e socialmente estruturado.</p>
<p>É em torno de tais valores que, ao longo de uma década, na discrição do acolhimento atento, a ADAV tem procurado levar a resposta às silenciosas necessidades de mães e respectivas famílias. Um auxílio que os números confirmam corresponder a uma necessidade crescente, atendendo à duplicação do número de situações acompanhadas nos últimos três anos.</p>
<p>Luís Manuel Silva</p>
<p>Presidente da direcção da ADAV</p>
<p>22 de janeiro de 2011</p>

<p>Uma resposta em sociedade para uma necessidade da sociedade Decorreram dez anos desde que a ADAV &#8211; Aveiro foi fundada, como resposta a uma necessidade sentida como urgente. Dois anos tinham decorrido desde a realização do primeiro referendo sobre o &hellip; <a href="https://www.adavaveiro.org/?page_id=1098">Continuar a ler <span class="meta-nav">&rarr;</span></a></p>
