{"id":1184,"date":"2011-02-12T14:09:43","date_gmt":"2011-02-12T14:09:43","guid":{"rendered":"http:\/\/www.adavaveiro.org\/?page_id=1184"},"modified":"2014-09-21T09:15:13","modified_gmt":"2014-09-21T09:15:13","slug":"mercado-da-solidariedade-2","status":"publish","type":"page","link":"https:\/\/www.adavaveiro.org\/?page_id=1184","title":{"rendered":"Mercado da solidariedade"},"content":{"rendered":"<p><a rel=\"attachment wp-att-1172\" href=\"http:\/\/www.adavaveiro.org\/?attachment_id=1172\"><img loading=\"lazy\" decoding=\"async\" class=\"aligncenter size-thumbnail wp-image-1172\" title=\"D_Aveiro_5 fev 2011\" src=\"http:\/\/www.adavaveiro.org\/wp-content\/uploads\/2011\/02\/D_Aveiro_5-fev-2011-260x186.jpg\" alt=\"\" width=\"260\" height=\"186\" srcset=\"https:\/\/www.adavaveiro.org\/wp-content\/uploads\/2011\/02\/D_Aveiro_5-fev-2011-260x186.jpg 260w, https:\/\/www.adavaveiro.org\/wp-content\/uploads\/2011\/02\/D_Aveiro_5-fev-2011-300x215.jpg 300w, https:\/\/www.adavaveiro.org\/wp-content\/uploads\/2011\/02\/D_Aveiro_5-fev-2011-1024x734.jpg 1024w\" sizes=\"auto, (max-width: 260px) 100vw, 260px\" \/><\/a><\/p>\n<p>Um mercado \u00e9 um local onde se fazem trocas de bens, sendo o processo equilibrado pelas leis da oferta e da procura. Os mercados s\u00e3o feitos pelas pessoas, numa perspectiva em que cada um toca o que tem a mais para receber o que n\u00e3o tem. Este princ\u00edpio evoluiu ao longo dos tempos e deu origem a muitas formas, algumas delas sofisticadas, para a sua regula\u00e7\u00e3o e evolu\u00e7\u00e3o. Com a \u00e1rea disciplinar da Economia surgiram conceitos como os de Economia de Mercado, Economia Socialista de Mercado, o Mercado Aberto, o Mercado de Capitais ou o Mercado Monet\u00e1rio. At\u00e9 os pa\u00edses Europeus ocidentais n\u00e3o resistiram a criar o Mercado Comum. H\u00e1 ainda o Mercado Negro!<\/p>\n<p>Nunca tanto como agora a palavra \u201cMercado\u201d se encontra no nosso l\u00e9xico di\u00e1rio. Mesmo n\u00e3o o utilizando, basta ligar uma televis\u00e3o ou um r\u00e1dio \u00e0 hora de um notici\u00e1rio. H\u00e1 mercados virtuais, h\u00e1 mercados em que as trocas comerciais n\u00e3o se fazem entre pessoas f\u00edsicas, mas sim jur\u00eddicas. Hoje, n\u00e3o preciso de conhecer com quem fa\u00e7o a troca. O melhor \u00e9 at\u00e9 n\u00e3o conhecer, diz-se. Os mercados est\u00e3o doentes, ouve-se dizer.<\/p>\n<p>Longe destes mercados de milh\u00f5es est\u00e3o os mercados de proximidade. E um destes \u00e9 o Mercado de Santiago, em Aveiro. No Mercado de Santiago n\u00e3o se vendem s\u00f3 frutas e hortali\u00e7as, troca-se muito mais: troca-se solidariedade! S\u00e3o v\u00e1rias as Institui\u00e7\u00f5es Particulares de Solidariedade Social (IPSS) e outras Associa\u00e7\u00f5es de cidad\u00e3os que aqui prestam o seu servi\u00e7o, seja a quem d\u00e1, seja a quem recebe. A ADASCA \u2013 Associa\u00e7\u00e3o de Dadores de Sangue de Aveiro, a Rouparia Solid\u00e1ria da Par\u00f3quia da Gl\u00f3ria, a APSIC &#8211; Associa\u00e7\u00e3o de Apoio e Acompanhamento Psicol\u00f3gico \u00e0 Crian\u00e7a, a Casa de Acolhimento da Par\u00f3quia da Gl\u00f3ria e a ADAV \u2013 Associa\u00e7\u00e3o de Defesa e Apoio da Vida s\u00e3o, entre outras, algumas das entidades a\u00ed sedeadas. Prestam \u00e0 comunidade um servi\u00e7o de inestim\u00e1vel valor. S\u00e3o um mercado dentro do Mercado, trocando o apoio aos mais necessitados, de estar ao lado de quem precisa, pelo dever c\u00edvico de ajudar, pelo sentido solid\u00e1rio que uma sociedade madura tem de ter.<\/p>\n<p>A ADAV \u2013 Associa\u00e7\u00e3o de Defesa e Apoio da Vida tem por finalidade o apoio \u00e0 fam\u00edlia na defesa e promo\u00e7\u00e3o da vida humana e da dignidade das jovens m\u00e3es. Este apoio \u00e9 dado a n\u00edvel material, com roupas, alimenta\u00e7\u00e3o, material de beb\u00e9 ou fraldas, apoio m\u00e9dico, jur\u00eddico ou outros que venham a ser necess\u00e1rios. Os servi\u00e7os da ADAV est\u00e3o dispon\u00edveis no 1\u00ba andar do Mercado de Santiago, de segunda a sexta-feira das 10h00 \u00e0s 12h00 para um acolhimento personalizado e gratuito. Atrav\u00e9s do telefone 234424040, das 9h00 \u00e0s 21h00, os seus servi\u00e7os tamb\u00e9m podem ser solicitados, sempre de forma gratuita e discreta.<\/p>\n<p>O Mercado de Santiago \u00e9, pois, na sua simplicidade, um Mercado da Solidariedade, uma Ideia de Vida.<\/p>\n<p>Aveiro, 29 de Janeiro de 2011<\/p>\n<p>Manuel Ant\u00f3nio Coimbra<\/p>\n<p>S\u00f3cio Fundador da ADAV-Aveiro<\/p>\n","protected":false},"excerpt":{"rendered":"<p>Um mercado \u00e9 um local onde se fazem trocas de bens, sendo o processo equilibrado pelas leis da oferta e da procura. Os mercados s\u00e3o feitos pelas pessoas, numa perspectiva em que cada um toca o que tem a mais &hellip; <a href=\"https:\/\/www.adavaveiro.org\/?page_id=1184\">Continuar a ler <span class=\"meta-nav\">&rarr;<\/span><\/a><\/p>\n","protected":false},"author":1,"featured_media":0,"parent":1081,"menu_order":0,"comment_status":"closed","ping_status":"closed","template":"","meta":{"footnotes":""},"class_list":["post-1184","page","type-page","status-publish","hentry"],"_links":{"self":[{"href":"https:\/\/www.adavaveiro.org\/index.php?rest_route=\/wp\/v2\/pages\/1184","targetHints":{"allow":["GET"]}}],"collection":[{"href":"https:\/\/www.adavaveiro.org\/index.php?rest_route=\/wp\/v2\/pages"}],"about":[{"href":"https:\/\/www.adavaveiro.org\/index.php?rest_route=\/wp\/v2\/types\/page"}],"author":[{"embeddable":true,"href":"https:\/\/www.adavaveiro.org\/index.php?rest_route=\/wp\/v2\/users\/1"}],"replies":[{"embeddable":true,"href":"https:\/\/www.adavaveiro.org\/index.php?rest_route=%2Fwp%2Fv2%2Fcomments&post=1184"}],"version-history":[{"count":4,"href":"https:\/\/www.adavaveiro.org\/index.php?rest_route=\/wp\/v2\/pages\/1184\/revisions"}],"predecessor-version":[{"id":1188,"href":"https:\/\/www.adavaveiro.org\/index.php?rest_route=\/wp\/v2\/pages\/1184\/revisions\/1188"}],"up":[{"embeddable":true,"href":"https:\/\/www.adavaveiro.org\/index.php?rest_route=\/wp\/v2\/pages\/1081"}],"wp:attachment":[{"href":"https:\/\/www.adavaveiro.org\/index.php?rest_route=%2Fwp%2Fv2%2Fmedia&parent=1184"}],"curies":[{"name":"wp","href":"https:\/\/api.w.org\/{rel}","templated":true}]}}

<p><a rel="attachment wp-att-1172" href="http://www.adavaveiro.org/?attachment_id=1172"><img loading="lazy" decoding="async" class="aligncenter size-thumbnail wp-image-1172" title="D_Aveiro_5 fev 2011" src="http://www.adavaveiro.org/wp-content/uploads/2011/02/D_Aveiro_5-fev-2011-260x186.jpg" alt="" width="260" height="186" srcset="https://www.adavaveiro.org/wp-content/uploads/2011/02/D_Aveiro_5-fev-2011-260x186.jpg 260w, https://www.adavaveiro.org/wp-content/uploads/2011/02/D_Aveiro_5-fev-2011-300x215.jpg 300w, https://www.adavaveiro.org/wp-content/uploads/2011/02/D_Aveiro_5-fev-2011-1024x734.jpg 1024w" sizes="auto, (max-width: 260px) 100vw, 260px" /></a></p>
<p>Um mercado é um local onde se fazem trocas de bens, sendo o processo equilibrado pelas leis da oferta e da procura. Os mercados são feitos pelas pessoas, numa perspectiva em que cada um toca o que tem a mais para receber o que não tem. Este princípio evoluiu ao longo dos tempos e deu origem a muitas formas, algumas delas sofisticadas, para a sua regulação e evolução. Com a área disciplinar da Economia surgiram conceitos como os de Economia de Mercado, Economia Socialista de Mercado, o Mercado Aberto, o Mercado de Capitais ou o Mercado Monetário. Até os países Europeus ocidentais não resistiram a criar o Mercado Comum. Há ainda o Mercado Negro!</p>
<p>Nunca tanto como agora a palavra “Mercado” se encontra no nosso léxico diário. Mesmo não o utilizando, basta ligar uma televisão ou um rádio à hora de um noticiário. Há mercados virtuais, há mercados em que as trocas comerciais não se fazem entre pessoas físicas, mas sim jurídicas. Hoje, não preciso de conhecer com quem faço a troca. O melhor é até não conhecer, diz-se. Os mercados estão doentes, ouve-se dizer.</p>
<p>Longe destes mercados de milhões estão os mercados de proximidade. E um destes é o Mercado de Santiago, em Aveiro. No Mercado de Santiago não se vendem só frutas e hortaliças, troca-se muito mais: troca-se solidariedade! São várias as Instituições Particulares de Solidariedade Social (IPSS) e outras Associações de cidadãos que aqui prestam o seu serviço, seja a quem dá, seja a quem recebe. A ADASCA – Associação de Dadores de Sangue de Aveiro, a Rouparia Solidária da Paróquia da Glória, a APSIC &#8211; Associação de Apoio e Acompanhamento Psicológico à Criança, a Casa de Acolhimento da Paróquia da Glória e a ADAV – Associação de Defesa e Apoio da Vida são, entre outras, algumas das entidades aí sedeadas. Prestam à comunidade um serviço de inestimável valor. São um mercado dentro do Mercado, trocando o apoio aos mais necessitados, de estar ao lado de quem precisa, pelo dever cívico de ajudar, pelo sentido solidário que uma sociedade madura tem de ter.</p>
<p>A ADAV – Associação de Defesa e Apoio da Vida tem por finalidade o apoio à família na defesa e promoção da vida humana e da dignidade das jovens mães. Este apoio é dado a nível material, com roupas, alimentação, material de bebé ou fraldas, apoio médico, jurídico ou outros que venham a ser necessários. Os serviços da ADAV estão disponíveis no 1º andar do Mercado de Santiago, de segunda a sexta-feira das 10h00 às 12h00 para um acolhimento personalizado e gratuito. Através do telefone 234424040, das 9h00 às 21h00, os seus serviços também podem ser solicitados, sempre de forma gratuita e discreta.</p>
<p>O Mercado de Santiago é, pois, na sua simplicidade, um Mercado da Solidariedade, uma Ideia de Vida.</p>
<p>Aveiro, 29 de Janeiro de 2011</p>
<p>Manuel António Coimbra</p>
<p>Sócio Fundador da ADAV-Aveiro</p>

<p>Um mercado é um local onde se fazem trocas de bens, sendo o processo equilibrado pelas leis da oferta e da procura. Os mercados são feitos pelas pessoas, numa perspectiva em que cada um toca o que tem a mais &hellip; <a href="https://www.adavaveiro.org/?page_id=1184">Continuar a ler <span class="meta-nav">&rarr;</span></a></p>
