{"id":1263,"date":"2011-02-26T15:55:15","date_gmt":"2011-02-26T15:55:15","guid":{"rendered":"http:\/\/www.adavaveiro.org\/?page_id=1263"},"modified":"2012-04-16T20:28:04","modified_gmt":"2012-04-16T20:28:04","slug":"defender-a-vida-porque","status":"publish","type":"page","link":"https:\/\/www.adavaveiro.org\/?page_id=1263","title":{"rendered":"defender a vida &#8211; porqu\u00ea?"},"content":{"rendered":"<p>Esta pergunta parece n\u00e3o fazer sentido mas \u00e9 perfeitamente actual. Sen\u00e3o vejamos:<\/p>\n<p>&#8211; a vida \u00e9 o que temos de mais precioso, sem ela n\u00e3o existimos, por isso \u00e9 natural que se defenda a vida. Contudo, s\u00e3o mais os ataques \u00e0 vida que as tentativas de a defender;<\/p>\n<p>&#8211; a facilidade com que nos dias de hoje\u00a0 se destr\u00f3i a vida, tantas vezes por raz\u00f5es f\u00fateis, d\u00e1 a ideia de que ela n\u00e3o tem valor, e que tudo o resto se lhe pode sobrepor. No entanto, quando perdemos um ente querido ou algum amigo, choramos a sua perda, lamentamos que n\u00e3o tenhamos passado mais tempo com ele ou ela, elogiamos as suas qualidades, menorizamos os seus defeitos, ou seja, valorizamos a sua exist\u00eancia, a sua VIDA. Ent\u00e3o porqu\u00ea destru\u00ed-la?<\/p>\n<p>O in\u00edcio da vida \u00e9 um momento aben\u00e7oado, resultado da uni\u00e3o de dois entes que se amam e que procuram nessa uni\u00e3o a realiza\u00e7\u00e3o do seu sonho de amor. Ent\u00e3o porqu\u00ea destru\u00ed-la, ainda indefesa?<\/p>\n<p>Invocam muitos o direito da mulher a dispor do seu corpo como forma de emancipa\u00e7\u00e3o. Fraco direito esse quando envolve a destrui\u00e7\u00e3o da vida que ela pr\u00f3pria gerou dentro de si! E porqu\u00ea negar ao pai da crian\u00e7a o direito de a receber, de a acarinhar, de a educar? Porqu\u00ea negar ao ser que desponta o direito \u00e0 vida, a crescer, a multiplicar-se, a ser um cidad\u00e3o activo na sociedade, a dar o seu contributo para o desenvolvimento da Humanidade? Certamente porque quem o nega d\u00e1 muito pouco valor \u00e0 vida\u2026<\/p>\n<p>Reconhecemos as dificuldades que algumas fam\u00edlias teem para poder manter uma filha gr\u00e1vida ou at\u00e9 para assegurar o sustento do beb\u00e9 nascido, por vezes at\u00e9 em circunst\u00e2ncias menos convenientes. A\u00ed tem que ser a Sociedade a dar uma resposta, seja pelas autoridades oficiais, seja pela actua\u00e7\u00e3o de organiza\u00e7\u00f5es assistenciais, de car\u00e1cter privado, ou at\u00e9 mesmo do empenhamento de particulares sens\u00edveis ao sofrimento dessas fam\u00edlias.<\/p>\n<p>Num momento em que tanto se fala da diminui\u00e7\u00e3o da natalidade e das suas consequ\u00eancias sociais futuras, seria bom ver adoptadas medidas de protec\u00e7\u00e3o \u00e0 maternidade respons\u00e1vel, por exemplo, possibilitando \u00e0s mulheres empregadas a exist\u00eancia de creches nas empresas ou outras facilidades que conjugassem a necessidade de emprego com a protec\u00e7\u00e3o da crian\u00e7a. Tais empresas podiam ser compensadas nos seus custos por benef\u00edcios fiscais, ajudando-as assim a cumprir assim a sua fun\u00e7\u00e3o social, que n\u00e3o se esgota na cria\u00e7\u00e3o de emprego e riqueza.<\/p>\n<p>Desde a sua cria\u00e7\u00e3o que a ADAV procura ajudar jovens gr\u00e1vidas e mulheres em risco, defendendo o direito \u00e0 vida, promovendo a integra\u00e7\u00e3o da mulher na sociedade. S\u00e3o escassos os recursos, \u00e9 forte a disponibilidade daqueles que, voluntariamente, procuram responder ao desafio de defender a vida. Mas \u00e9 uma luta sem fim\u2026 que continuaremos a travar, ajudando \u00e1 dignifica\u00e7\u00e3o da gr\u00e1vida, \u00e0 sua inser\u00e7\u00e3o na sociedade, conscientes de que o nosso papel tem manter-se mais actuante e respons\u00e1vel.<\/p>\n<p>Engenheiro Borges (s\u00f3cio fundador da ADAV AVEIRO), in <em>Di\u00e1rio de Aveiro<\/em> de 26 de fevereiro de 2011<\/p>\n","protected":false},"excerpt":{"rendered":"<p>Esta pergunta parece n\u00e3o fazer sentido mas \u00e9 perfeitamente actual. Sen\u00e3o vejamos: &#8211; a vida \u00e9 o que temos de mais precioso, sem ela n\u00e3o existimos, por isso \u00e9 natural que se defenda a vida. Contudo, s\u00e3o mais os ataques &hellip; <a href=\"https:\/\/www.adavaveiro.org\/?page_id=1263\">Continuar a ler <span class=\"meta-nav\">&rarr;<\/span><\/a><\/p>\n","protected":false},"author":1,"featured_media":0,"parent":1081,"menu_order":0,"comment_status":"closed","ping_status":"open","template":"","meta":{"footnotes":""},"class_list":["post-1263","page","type-page","status-publish","hentry"],"_links":{"self":[{"href":"https:\/\/www.adavaveiro.org\/index.php?rest_route=\/wp\/v2\/pages\/1263","targetHints":{"allow":["GET"]}}],"collection":[{"href":"https:\/\/www.adavaveiro.org\/index.php?rest_route=\/wp\/v2\/pages"}],"about":[{"href":"https:\/\/www.adavaveiro.org\/index.php?rest_route=\/wp\/v2\/types\/page"}],"author":[{"embeddable":true,"href":"https:\/\/www.adavaveiro.org\/index.php?rest_route=\/wp\/v2\/users\/1"}],"replies":[{"embeddable":true,"href":"https:\/\/www.adavaveiro.org\/index.php?rest_route=%2Fwp%2Fv2%2Fcomments&post=1263"}],"version-history":[{"count":5,"href":"https:\/\/www.adavaveiro.org\/index.php?rest_route=\/wp\/v2\/pages\/1263\/revisions"}],"predecessor-version":[{"id":1269,"href":"https:\/\/www.adavaveiro.org\/index.php?rest_route=\/wp\/v2\/pages\/1263\/revisions\/1269"}],"up":[{"embeddable":true,"href":"https:\/\/www.adavaveiro.org\/index.php?rest_route=\/wp\/v2\/pages\/1081"}],"wp:attachment":[{"href":"https:\/\/www.adavaveiro.org\/index.php?rest_route=%2Fwp%2Fv2%2Fmedia&parent=1263"}],"curies":[{"name":"wp","href":"https:\/\/api.w.org\/{rel}","templated":true}]}}

defender a vida &#8211; porquê?

<p>Esta pergunta parece não fazer sentido mas é perfeitamente actual. Senão vejamos:</p>
<p>&#8211; a vida é o que temos de mais precioso, sem ela não existimos, por isso é natural que se defenda a vida. Contudo, são mais os ataques à vida que as tentativas de a defender;</p>
<p>&#8211; a facilidade com que nos dias de hoje  se destrói a vida, tantas vezes por razões fúteis, dá a ideia de que ela não tem valor, e que tudo o resto se lhe pode sobrepor. No entanto, quando perdemos um ente querido ou algum amigo, choramos a sua perda, lamentamos que não tenhamos passado mais tempo com ele ou ela, elogiamos as suas qualidades, menorizamos os seus defeitos, ou seja, valorizamos a sua existência, a sua VIDA. Então porquê destruí-la?</p>
<p>O início da vida é um momento abençoado, resultado da união de dois entes que se amam e que procuram nessa união a realização do seu sonho de amor. Então porquê destruí-la, ainda indefesa?</p>
<p>Invocam muitos o direito da mulher a dispor do seu corpo como forma de emancipação. Fraco direito esse quando envolve a destruição da vida que ela própria gerou dentro de si! E porquê negar ao pai da criança o direito de a receber, de a acarinhar, de a educar? Porquê negar ao ser que desponta o direito à vida, a crescer, a multiplicar-se, a ser um cidadão activo na sociedade, a dar o seu contributo para o desenvolvimento da Humanidade? Certamente porque quem o nega dá muito pouco valor à vida…</p>
<p>Reconhecemos as dificuldades que algumas famílias teem para poder manter uma filha grávida ou até para assegurar o sustento do bebé nascido, por vezes até em circunstâncias menos convenientes. Aí tem que ser a Sociedade a dar uma resposta, seja pelas autoridades oficiais, seja pela actuação de organizações assistenciais, de carácter privado, ou até mesmo do empenhamento de particulares sensíveis ao sofrimento dessas famílias.</p>
<p>Num momento em que tanto se fala da diminuição da natalidade e das suas consequências sociais futuras, seria bom ver adoptadas medidas de protecção à maternidade responsável, por exemplo, possibilitando às mulheres empregadas a existência de creches nas empresas ou outras facilidades que conjugassem a necessidade de emprego com a protecção da criança. Tais empresas podiam ser compensadas nos seus custos por benefícios fiscais, ajudando-as assim a cumprir assim a sua função social, que não se esgota na criação de emprego e riqueza.</p>
<p>Desde a sua criação que a ADAV procura ajudar jovens grávidas e mulheres em risco, defendendo o direito à vida, promovendo a integração da mulher na sociedade. São escassos os recursos, é forte a disponibilidade daqueles que, voluntariamente, procuram responder ao desafio de defender a vida. Mas é uma luta sem fim… que continuaremos a travar, ajudando á dignificação da grávida, à sua inserção na sociedade, conscientes de que o nosso papel tem manter-se mais actuante e responsável.</p>
<p>Engenheiro Borges (sócio fundador da ADAV AVEIRO), in <em>Diário de Aveiro</em> de 26 de fevereiro de 2011</p>

<p>Esta pergunta parece não fazer sentido mas é perfeitamente actual. Senão vejamos: &#8211; a vida é o que temos de mais precioso, sem ela não existimos, por isso é natural que se defenda a vida. Contudo, são mais os ataques &hellip; <a href="https://www.adavaveiro.org/?page_id=1263">Continuar a ler <span class="meta-nav">&rarr;</span></a></p>
