{"id":181,"date":"2010-04-10T21:44:53","date_gmt":"2010-04-10T21:44:53","guid":{"rendered":"http:\/\/www.adavaveiro.org\/?page_id=181"},"modified":"2010-04-10T21:46:50","modified_gmt":"2010-04-10T21:46:50","slug":"aveiro-associacao-de-apoio-a-vida-apoiou-mais-de-uma-centena-de-gravidas","status":"publish","type":"page","link":"https:\/\/www.adavaveiro.org\/?page_id=181","title":{"rendered":"Aveiro: Associa\u00e7\u00e3o de apoio &#8220;\u00e0 vida&#8221; apoiou mais de uma centena de gr\u00e1vidas"},"content":{"rendered":"<p>2008<\/p>\n<p>Aveiro, 11 Fev(Lusa) &#8211; Mais de uma centena de mulheres gr\u00e1vidas j\u00e1 foram apoiadas pela Associa\u00e7\u00e3o de Defesa e Apoio da Vida(ADAV) desde o ano 2000, revelou hoje o seu presidente, Am\u00e2ndio Albuquerque.<\/p>\n<p>Aquela associa\u00e7\u00e3o, que a partir de hoje conta com novas instala\u00e7\u00f5es em Aveiro, no Mercado de Santiago, cedidas pela C\u00e2mara, tem por objectivo &#8220;o apoio \u00e0 vida, desde a concep\u00e7\u00e3o&#8221;.<\/p>\n<p>De acordo com o seu presidente, a ADAV apoia as mulheres gr\u00e1vidas, procurando ajud\u00e1-las nos diversos problemas, mas tamb\u00e9m crian\u00e7as e fam\u00edlias em dificuldades.<\/p>\n<p>&#8220;Prestamos apoio psicol\u00f3gico, m\u00e9dico e jur\u00eddico, n\u00e3o apenas a gr\u00e1vidas, como tamb\u00e9m \u00e0s fam\u00edlias e a crian\u00e7as v\u00edtimas de maus tratos e desde a nossa funda\u00e7\u00e3o, em 2000, j\u00e1 auxili\u00e1mos mais de uma centena de gr\u00e1vidas e outras tantas crian\u00e7as, assim como uma dezena de fam\u00edlias&#8221;, explicou.<\/p>\n<p>Uma das actividades da ADAV consiste no apoio domicili\u00e1rio a m\u00e3es jovens com forma\u00e7\u00e3o insuficiente, auxiliando-as a cuidar dos filhos e a tratar da gest\u00e3o dom\u00e9stica.<\/p>\n<p>Segundo Am\u00e2ndio Albuquerque, ele pr\u00f3prio m\u00e9dico, outra das tarefas da ADAV \u00e9 intervir no aconselhamento da mulher, em actividade complementar \u00e0s estruturas de Sa\u00fade.<\/p>\n<p>&#8220;N\u00e3o queremos substituir nenhuma estrutura que existe e as mulheres a quem damos apoio s\u00e3o acompanhadas pelo seu m\u00e9dico de fam\u00edlia&#8221;, esclareceu.<\/p>\n<p>Paralelamente ao apoio directo, a associa\u00e7\u00e3o dedica-se tamb\u00e9m \u00e0 forma\u00e7\u00e3o de professores, jovens e pais, mediante a realiza\u00e7\u00e3o de palestras e col\u00f3quios em que procura sensibilizar as pessoas para a &#8220;prioridade da preven\u00e7\u00e3o&#8221; e incutir &#8220;o valor da sexualidade respons\u00e1vel&#8221;.<\/p>\n<p>No apoio social que presta, em regime de voluntariado, a ADAV conta com a colabora\u00e7\u00e3o do Banco Alimentar contra a Fome e com a ajuda de associados e benfeitores.<\/p>\n<p>MSO<\/p>\n<p>Lusa \/ Fim<\/p>\n<p>in <a href=\"http:\/\/aeiou.expresso.pt\/aveiro-associacao-de-apoio-a-vida-apoiou-mais-de-uma-centena-de-gravidas=f239185\">http:\/\/aeiou.expresso.pt\/aveiro-associacao-de-apoio-a-vida-apoiou-mais-de-uma-centena-de-gravidas=f239185<\/a><\/p>\n","protected":false},"excerpt":{"rendered":"<p>2008 Aveiro, 11 Fev(Lusa) &#8211; Mais de uma centena de mulheres gr\u00e1vidas j\u00e1 foram apoiadas pela Associa\u00e7\u00e3o de Defesa e Apoio da Vida(ADAV) desde o ano 2000, revelou hoje o seu presidente, Am\u00e2ndio Albuquerque. Aquela associa\u00e7\u00e3o, que a partir de &hellip; <a href=\"https:\/\/www.adavaveiro.org\/?page_id=181\">Continuar a ler <span class=\"meta-nav\">&rarr;<\/span><\/a><\/p>\n","protected":false},"author":1,"featured_media":0,"parent":17,"menu_order":0,"comment_status":"closed","ping_status":"closed","template":"","meta":{"footnotes":""},"class_list":["post-181","page","type-page","status-publish","hentry"],"_links":{"self":[{"href":"https:\/\/www.adavaveiro.org\/index.php?rest_route=\/wp\/v2\/pages\/181","targetHints":{"allow":["GET"]}}],"collection":[{"href":"https:\/\/www.adavaveiro.org\/index.php?rest_route=\/wp\/v2\/pages"}],"about":[{"href":"https:\/\/www.adavaveiro.org\/index.php?rest_route=\/wp\/v2\/types\/page"}],"author":[{"embeddable":true,"href":"https:\/\/www.adavaveiro.org\/index.php?rest_route=\/wp\/v2\/users\/1"}],"replies":[{"embeddable":true,"href":"https:\/\/www.adavaveiro.org\/index.php?rest_route=%2Fwp%2Fv2%2Fcomments&post=181"}],"version-history":[{"count":4,"href":"https:\/\/www.adavaveiro.org\/index.php?rest_route=\/wp\/v2\/pages\/181\/revisions"}],"predecessor-version":[{"id":184,"href":"https:\/\/www.adavaveiro.org\/index.php?rest_route=\/wp\/v2\/pages\/181\/revisions\/184"}],"up":[{"embeddable":true,"href":"https:\/\/www.adavaveiro.org\/index.php?rest_route=\/wp\/v2\/pages\/17"}],"wp:attachment":[{"href":"https:\/\/www.adavaveiro.org\/index.php?rest_route=%2Fwp%2Fv2%2Fmedia&parent=181"}],"curies":[{"name":"wp","href":"https:\/\/api.w.org\/{rel}","templated":true}]}}

Aveiro: Associação de apoio &#8220;à vida&#8221; apoiou mais de uma centena de grávidas

<p>2008</p>
<p>Aveiro, 11 Fev(Lusa) &#8211; Mais de uma centena de mulheres grávidas já foram apoiadas pela Associação de Defesa e Apoio da Vida(ADAV) desde o ano 2000, revelou hoje o seu presidente, Amândio Albuquerque.</p>
<p>Aquela associação, que a partir de hoje conta com novas instalações em Aveiro, no Mercado de Santiago, cedidas pela Câmara, tem por objectivo &#8220;o apoio à vida, desde a concepção&#8221;.</p>
<p>De acordo com o seu presidente, a ADAV apoia as mulheres grávidas, procurando ajudá-las nos diversos problemas, mas também crianças e famílias em dificuldades.</p>
<p>&#8220;Prestamos apoio psicológico, médico e jurídico, não apenas a grávidas, como também às famílias e a crianças vítimas de maus tratos e desde a nossa fundação, em 2000, já auxiliámos mais de uma centena de grávidas e outras tantas crianças, assim como uma dezena de famílias&#8221;, explicou.</p>
<p>Uma das actividades da ADAV consiste no apoio domiciliário a mães jovens com formação insuficiente, auxiliando-as a cuidar dos filhos e a tratar da gestão doméstica.</p>
<p>Segundo Amândio Albuquerque, ele próprio médico, outra das tarefas da ADAV é intervir no aconselhamento da mulher, em actividade complementar às estruturas de Saúde.</p>
<p>&#8220;Não queremos substituir nenhuma estrutura que existe e as mulheres a quem damos apoio são acompanhadas pelo seu médico de família&#8221;, esclareceu.</p>
<p>Paralelamente ao apoio directo, a associação dedica-se também à formação de professores, jovens e pais, mediante a realização de palestras e colóquios em que procura sensibilizar as pessoas para a &#8220;prioridade da prevenção&#8221; e incutir &#8220;o valor da sexualidade responsável&#8221;.</p>
<p>No apoio social que presta, em regime de voluntariado, a ADAV conta com a colaboração do Banco Alimentar contra a Fome e com a ajuda de associados e benfeitores.</p>
<p>MSO</p>
<p>Lusa / Fim</p>
<p>in <a href="http://aeiou.expresso.pt/aveiro-associacao-de-apoio-a-vida-apoiou-mais-de-uma-centena-de-gravidas=f239185">http://aeiou.expresso.pt/aveiro-associacao-de-apoio-a-vida-apoiou-mais-de-uma-centena-de-gravidas=f239185</a></p>

<p>2008 Aveiro, 11 Fev(Lusa) &#8211; Mais de uma centena de mulheres grávidas já foram apoiadas pela Associação de Defesa e Apoio da Vida(ADAV) desde o ano 2000, revelou hoje o seu presidente, Amândio Albuquerque. Aquela associação, que a partir de &hellip; <a href="https://www.adavaveiro.org/?page_id=181">Continuar a ler <span class="meta-nav">&rarr;</span></a></p>
