{"id":1923,"date":"2011-09-05T12:46:52","date_gmt":"2011-09-05T12:46:52","guid":{"rendered":"http:\/\/www.adavaveiro.org\/?page_id=1923"},"modified":"2017-11-12T10:41:25","modified_gmt":"2017-11-12T10:41:25","slug":"o-aborto-gratuito-e-ofensivo","status":"publish","type":"page","link":"https:\/\/www.adavaveiro.org\/?page_id=1923","title":{"rendered":"5 de setembro de 2011 &#8211; O aborto gratuito \u00e9 ofensivo"},"content":{"rendered":"<p>\ufeff\ufeff\ufeffHenrique Raposo, A Tempo e a Desmodo<\/p>\n<h1>O aborto gratuito \u00e9 ofensivo<\/h1>\n<div>Henrique Raposo (www.expresso.pt)<\/div>\n<div><strong> 8:00<\/strong> Segunda feira,  5 de setembro de 2011<\/div>\n<div><a href=\"http:\/\/aeiou.expresso.pt\/o-aborto-gratuito-e-ofensivo=f671762#ixzz1X58AobbI\"><br \/>\n<\/a><\/div>\n<p><strong>I<\/strong><em>. &#8220;O aborto n\u00e3o pode ter isen\u00e7\u00e3o como tem a gravidez (&#8230;)&#8221;<\/em>. <em>Jos\u00e9 Manuel Silva, baston\u00e1rio da ordem dos m\u00e9dicos (Expresso de s\u00e1bado).<\/em><\/p>\n<p><strong>II<\/strong>. O Estado n\u00e3o deve considerar que o aborto \u00e9  crime at\u00e9 x semanas, sim senhora, mas tamb\u00e9m n\u00e3o deve instituir o aborto  gratuito no seu servi\u00e7o de sa\u00fade. <strong>O aborto n\u00e3o \u00e9 um direito<\/strong>,  meus caros. Se uma pessoa quer fazer um aborto, tem bom rem\u00e9dio: pagar  do seu bolso. A irresponsabilidade n\u00e3o pode ser recompensada. A  irresponsabilidade n\u00e3o pode ser subsidiada. A irresponsabilidade n\u00e3o  pode ser transformada num direito. E, acima de tudo, a  irresponsabilidade n\u00e3o pode ser colocada no mesmo patamar da  responsabilidade que \u00e9 assumir uma gravidez e ter um filho.<\/p>\n<p>Em qualquer cen\u00e1rio financeiro,<strong> este aborto gratuito seria sempre uma pol\u00edtica imoral<\/strong>.  Ora, no nosso contexto de crise, esta pol\u00edtica sobe v\u00e1rios n\u00edveis de  imoralidade. \u00c9 uma daquelas coisas realmente ofensivas. Os cortes da  sa\u00fade chegaram e as taxas moderadoras t\u00eam de subir, mas o aborto \u00e9  gratuito. Faz todo o sentido, sim senhora. As maternidades debatem-se  com problemas s\u00e9rios para suportar a sua atividade principal  (recorde-se: trazer crian\u00e7as a este mundo), mas o aborto \u00e9 gratuito. Faz  sentido, sim senhora. <a rel=\"nofollow\" href=\"http:\/\/clubedasrepublicasmortas.blogs.sapo.pt\/531534.html\" target=\"_blank\">Num contexto de crise demogr\u00e1fica, o tratamento de fertilidade deixou de ser uma prioridade, mas o aborto \u00e9 gratuito<\/a> . Faz sentido, sim senhora. Mas sabem o que \u00e9 ainda pior? Num pa\u00eds onde o  aborto \u00e9 completamente gratuito (at\u00e9 acho que a mulher recebe um  subs\u00eddio de &#8211; pasme-se &#8211; maternidade), <strong>\u00e9 quase imposs\u00edvel<\/strong> <strong>encontrar um especialista em sa\u00fade materna nos centros de sa\u00fade<\/strong>. Portanto, no Portugal progressista de 2011, uma mulher que d\u00e1 \u00e0 luz <em>\u00e9 menos protegida<\/em> do que uma mulher que escolhe abortar. Meus caros, tudo isto \u00e9 uma imoralidade tremenda, para usar um eufemismo public\u00e1vel.<\/p>\n<div>Ler mais: <a href=\"http:\/\/aeiou.expresso.pt\/o-aborto-gratuito-e-ofensivo=f671762#ixzz1X57iluKC\">http:\/\/aeiou.expresso.pt\/o-aborto-gratuito-e-ofensivo=f671762#ixzz1X57iluKC<\/a><\/div>\n","protected":false},"excerpt":{"rendered":"<p>\ufeff\ufeff\ufeffHenrique Raposo, A Tempo e a Desmodo O aborto gratuito \u00e9 ofensivo Henrique Raposo (www.expresso.pt) 8:00 Segunda feira, 5 de setembro de 2011 I. &#8220;O aborto n\u00e3o pode ter isen\u00e7\u00e3o como tem a gravidez (&#8230;)&#8221;. Jos\u00e9 Manuel Silva, baston\u00e1rio da &hellip; <a href=\"https:\/\/www.adavaveiro.org\/?page_id=1923\">Continuar a ler <span class=\"meta-nav\">&rarr;<\/span><\/a><\/p>\n","protected":false},"author":1,"featured_media":0,"parent":17,"menu_order":0,"comment_status":"closed","ping_status":"closed","template":"","meta":{"footnotes":""},"class_list":["post-1923","page","type-page","status-publish","hentry"],"_links":{"self":[{"href":"https:\/\/www.adavaveiro.org\/index.php?rest_route=\/wp\/v2\/pages\/1923","targetHints":{"allow":["GET"]}}],"collection":[{"href":"https:\/\/www.adavaveiro.org\/index.php?rest_route=\/wp\/v2\/pages"}],"about":[{"href":"https:\/\/www.adavaveiro.org\/index.php?rest_route=\/wp\/v2\/types\/page"}],"author":[{"embeddable":true,"href":"https:\/\/www.adavaveiro.org\/index.php?rest_route=\/wp\/v2\/users\/1"}],"replies":[{"embeddable":true,"href":"https:\/\/www.adavaveiro.org\/index.php?rest_route=%2Fwp%2Fv2%2Fcomments&post=1923"}],"version-history":[{"count":5,"href":"https:\/\/www.adavaveiro.org\/index.php?rest_route=\/wp\/v2\/pages\/1923\/revisions"}],"predecessor-version":[{"id":3440,"href":"https:\/\/www.adavaveiro.org\/index.php?rest_route=\/wp\/v2\/pages\/1923\/revisions\/3440"}],"up":[{"embeddable":true,"href":"https:\/\/www.adavaveiro.org\/index.php?rest_route=\/wp\/v2\/pages\/17"}],"wp:attachment":[{"href":"https:\/\/www.adavaveiro.org\/index.php?rest_route=%2Fwp%2Fv2%2Fmedia&parent=1923"}],"curies":[{"name":"wp","href":"https:\/\/api.w.org\/{rel}","templated":true}]}}

5 de setembro de 2011 &#8211; O aborto gratuito é ofensivo

<p>﻿﻿﻿Henrique Raposo, A Tempo e a Desmodo</p>
<h1>O aborto gratuito é ofensivo</h1>
<div>Henrique Raposo (www.expresso.pt)</div>
<div><strong> 8:00</strong> Segunda feira,  5 de setembro de 2011</div>
<div><a href="http://aeiou.expresso.pt/o-aborto-gratuito-e-ofensivo=f671762#ixzz1X58AobbI"><br />
</a></div>
<p><strong>I</strong><em>. &#8220;O aborto não pode ter isenção como tem a gravidez (&#8230;)&#8221;</em>. <em>José Manuel Silva, bastonário da ordem dos médicos (Expresso de sábado).</em></p>
<p><strong>II</strong>. O Estado não deve considerar que o aborto é  crime até x semanas, sim senhora, mas também não deve instituir o aborto  gratuito no seu serviço de saúde. <strong>O aborto não é um direito</strong>,  meus caros. Se uma pessoa quer fazer um aborto, tem bom remédio: pagar  do seu bolso. A irresponsabilidade não pode ser recompensada. A  irresponsabilidade não pode ser subsidiada. A irresponsabilidade não  pode ser transformada num direito. E, acima de tudo, a  irresponsabilidade não pode ser colocada no mesmo patamar da  responsabilidade que é assumir uma gravidez e ter um filho.</p>
<p>Em qualquer cenário financeiro,<strong> este aborto gratuito seria sempre uma política imoral</strong>.  Ora, no nosso contexto de crise, esta política sobe vários níveis de  imoralidade. É uma daquelas coisas realmente ofensivas. Os cortes da  saúde chegaram e as taxas moderadoras têm de subir, mas o aborto é  gratuito. Faz todo o sentido, sim senhora. As maternidades debatem-se  com problemas sérios para suportar a sua atividade principal  (recorde-se: trazer crianças a este mundo), mas o aborto é gratuito. Faz  sentido, sim senhora. <a rel="nofollow" href="http://clubedasrepublicasmortas.blogs.sapo.pt/531534.html" target="_blank">Num contexto de crise demográfica, o tratamento de fertilidade deixou de ser uma prioridade, mas o aborto é gratuito</a> . Faz sentido, sim senhora. Mas sabem o que é ainda pior? Num país onde o  aborto é completamente gratuito (até acho que a mulher recebe um  subsídio de &#8211; pasme-se &#8211; maternidade), <strong>é quase impossível</strong> <strong>encontrar um especialista em saúde materna nos centros de saúde</strong>. Portanto, no Portugal progressista de 2011, uma mulher que dá à luz <em>é menos protegida</em> do que uma mulher que escolhe abortar. Meus caros, tudo isto é uma imoralidade tremenda, para usar um eufemismo publicável.</p>
<div>Ler mais: <a href="http://aeiou.expresso.pt/o-aborto-gratuito-e-ofensivo=f671762#ixzz1X57iluKC">http://aeiou.expresso.pt/o-aborto-gratuito-e-ofensivo=f671762#ixzz1X57iluKC</a></div>

<p>﻿﻿﻿Henrique Raposo, A Tempo e a Desmodo O aborto gratuito é ofensivo Henrique Raposo (www.expresso.pt) 8:00 Segunda feira, 5 de setembro de 2011 I. &#8220;O aborto não pode ter isenção como tem a gravidez (&#8230;)&#8221;. José Manuel Silva, bastonário da &hellip; <a href="https://www.adavaveiro.org/?page_id=1923">Continuar a ler <span class="meta-nav">&rarr;</span></a></p>
