{"id":2,"date":"2010-03-02T19:07:59","date_gmt":"2010-03-02T19:07:59","guid":{"rendered":"http:\/\/www.adavaveiro.org\/?page_id=2"},"modified":"2024-03-13T22:25:55","modified_gmt":"2024-03-13T22:25:55","slug":"sobre","status":"publish","type":"page","link":"https:\/\/www.adavaveiro.org\/?page_id=2","title":{"rendered":"APRESENTA\u00c7\u00c3O"},"content":{"rendered":"<div class=\"wp-block-image\">\n<figure class=\"aligncenter size-large\"><img loading=\"lazy\" decoding=\"async\" width=\"1024\" height=\"1024\" src=\"http:\/\/www.adavaveiro.org\/wp-content\/uploads\/2023\/12\/BoasVindas_2024-1024x1024.jpg\" alt=\"\" class=\"wp-image-4121\" title=\"Adav12\" srcset=\"https:\/\/www.adavaveiro.org\/wp-content\/uploads\/2023\/12\/BoasVindas_2024-1024x1024.jpg 1024w, https:\/\/www.adavaveiro.org\/wp-content\/uploads\/2023\/12\/BoasVindas_2024-300x300.jpg 300w, https:\/\/www.adavaveiro.org\/wp-content\/uploads\/2023\/12\/BoasVindas_2024-260x260.jpg 260w, https:\/\/www.adavaveiro.org\/wp-content\/uploads\/2023\/12\/BoasVindas_2024-768x768.jpg 768w, https:\/\/www.adavaveiro.org\/wp-content\/uploads\/2023\/12\/BoasVindas_2024.jpg 1080w\" sizes=\"auto, (max-width: 1024px) 100vw, 1024px\" \/><\/figure>\n<\/div>\n\n\n<figure class=\"wp-block-table\"><table><tbody><tr><td> <p>A ADAV-Aveiro \u00e9 uma associa\u00e7\u00e3o de solidariedade social que \u00abtem por finalidade o apoio \u00e0 fam\u00edlia, assim como a defesa e a promo\u00e7\u00e3o da vida humana e da dignidade da mulher\u00bb (Estatutos, art. 3\u00ba).<br>Constitu\u00edda por escritura p\u00fablica em 21 de Julho de 2000, a Associa\u00e7\u00e3o de Defesa e Apoio da Vida prop\u00f5e-se realizar atividades, sobretudo, em duas \u00e1reas:<strong><br>&#8211; apoio a gr\u00e1vidas e beb\u00e9s em dificuldade<br>&#8211; forma\u00e7\u00e3o no campo da educa\u00e7\u00e3o sexual e do planeamento familiar.<\/strong><\/p><\/td><\/tr><tr><td><strong>Dire\u00e7\u00e3o<\/strong><\/td><\/tr><tr><td>Teresa Correia (Presidente)<br>\u00c2ngela Cunha (Vice-Presidente)<br>Miguel Martins<br>Susana Cardoso<br>Susana Neves<\/td><\/tr><tr><td><strong><br>Volunt\u00e1rias<\/strong><\/td><\/tr><tr><td>Coordenadora &#8211; Teresa Correia<\/td><\/tr><tr><td>&nbsp;<\/td><\/tr><\/tbody><\/table><\/figure>\n","protected":false},"excerpt":{"rendered":"<p>A ADAV-Aveiro \u00e9 uma associa\u00e7\u00e3o de solidariedade social que \u00abtem por finalidade o apoio \u00e0 fam\u00edlia, assim como a defesa e a promo\u00e7\u00e3o da vida humana e da dignidade da mulher\u00bb (Estatutos, art. 3\u00ba).Constitu\u00edda por escritura p\u00fablica em 21 de &hellip; <a href=\"https:\/\/www.adavaveiro.org\/?page_id=2\">Continuar a ler <span class=\"meta-nav\">&rarr;<\/span><\/a><\/p>\n","protected":false},"author":1,"featured_media":0,"parent":0,"menu_order":0,"comment_status":"closed","ping_status":"closed","template":"","meta":{"footnotes":""},"class_list":["post-2","page","type-page","status-publish","hentry"],"_links":{"self":[{"href":"https:\/\/www.adavaveiro.org\/index.php?rest_route=\/wp\/v2\/pages\/2","targetHints":{"allow":["GET"]}}],"collection":[{"href":"https:\/\/www.adavaveiro.org\/index.php?rest_route=\/wp\/v2\/pages"}],"about":[{"href":"https:\/\/www.adavaveiro.org\/index.php?rest_route=\/wp\/v2\/types\/page"}],"author":[{"embeddable":true,"href":"https:\/\/www.adavaveiro.org\/index.php?rest_route=\/wp\/v2\/users\/1"}],"replies":[{"embeddable":true,"href":"https:\/\/www.adavaveiro.org\/index.php?rest_route=%2Fwp%2Fv2%2Fcomments&post=2"}],"version-history":[{"count":35,"href":"https:\/\/www.adavaveiro.org\/index.php?rest_route=\/wp\/v2\/pages\/2\/revisions"}],"predecessor-version":[{"id":4138,"href":"https:\/\/www.adavaveiro.org\/index.php?rest_route=\/wp\/v2\/pages\/2\/revisions\/4138"}],"wp:attachment":[{"href":"https:\/\/www.adavaveiro.org\/index.php?rest_route=%2Fwp%2Fv2%2Fmedia&parent=2"}],"curies":[{"name":"wp","href":"https:\/\/api.w.org\/{rel}","templated":true}]}}

APRESENTAÇÃO

<div class="wp-block-image">
<figure class="aligncenter size-large"><img loading="lazy" decoding="async" width="1024" height="1024" src="http://www.adavaveiro.org/wp-content/uploads/2023/12/BoasVindas_2024-1024x1024.jpg" alt="" class="wp-image-4121" title="Adav12" srcset="https://www.adavaveiro.org/wp-content/uploads/2023/12/BoasVindas_2024-1024x1024.jpg 1024w, https://www.adavaveiro.org/wp-content/uploads/2023/12/BoasVindas_2024-300x300.jpg 300w, https://www.adavaveiro.org/wp-content/uploads/2023/12/BoasVindas_2024-260x260.jpg 260w, https://www.adavaveiro.org/wp-content/uploads/2023/12/BoasVindas_2024-768x768.jpg 768w, https://www.adavaveiro.org/wp-content/uploads/2023/12/BoasVindas_2024.jpg 1080w" sizes="auto, (max-width: 1024px) 100vw, 1024px" /></figure>
</div>


<figure class="wp-block-table"><table><tbody><tr><td> <p>A ADAV-Aveiro é uma associação de solidariedade social que «tem por finalidade o apoio à família, assim como a defesa e a promoção da vida humana e da dignidade da mulher» (Estatutos, art. 3º).<br>Constituída por escritura pública em 21 de Julho de 2000, a Associação de Defesa e Apoio da Vida propõe-se realizar atividades, sobretudo, em duas áreas:<strong><br>&#8211; apoio a grávidas e bebés em dificuldade<br>&#8211; formação no campo da educação sexual e do planeamento familiar.</strong></p></td></tr><tr><td><strong>Direção</strong></td></tr><tr><td>Teresa Correia (Presidente)<br>Ângela Cunha (Vice-Presidente)<br>Miguel Martins<br>Susana Cardoso<br>Susana Neves</td></tr><tr><td><strong><br>Voluntárias</strong></td></tr><tr><td>Coordenadora &#8211; Teresa Correia</td></tr><tr><td>&nbsp;</td></tr></tbody></table></figure>

<p>A ADAV-Aveiro é uma associação de solidariedade social que «tem por finalidade o apoio à família, assim como a defesa e a promoção da vida humana e da dignidade da mulher» (Estatutos, art. 3º).Constituída por escritura pública em 21 de &hellip; <a href="https://www.adavaveiro.org/?page_id=2">Continuar a ler <span class="meta-nav">&rarr;</span></a></p>
