{"id":2018,"date":"2011-11-05T11:39:08","date_gmt":"2011-11-05T11:39:08","guid":{"rendered":"http:\/\/www.adavaveiro.org\/?page_id=2018"},"modified":"2018-01-23T16:30:00","modified_gmt":"2018-01-23T16:30:00","slug":"projeto-nascer","status":"publish","type":"page","link":"https:\/\/www.adavaveiro.org\/?page_id=2018","title":{"rendered":"Projeto NASCER"},"content":{"rendered":"<p><span style=\"color: #800000;\"><strong>Propomos<\/strong><\/span><em> <\/em><\/p>\n<p><a rel=\"attachment wp-att-2039\" href=\"http:\/\/www.adavaveiro.org\/?attachment_id=2039\"><img loading=\"lazy\" decoding=\"async\" class=\"aligncenter size-thumbnail wp-image-2039\" title=\"bebe_ovo\" src=\"http:\/\/www.adavaveiro.org\/wp-content\/uploads\/2011\/11\/bebe_ovo-260x218.jpg\" alt=\"\" width=\"167\" height=\"140\" srcset=\"https:\/\/www.adavaveiro.org\/wp-content\/uploads\/2011\/11\/bebe_ovo-260x218.jpg 260w, https:\/\/www.adavaveiro.org\/wp-content\/uploads\/2011\/11\/bebe_ovo-300x251.jpg 300w, https:\/\/www.adavaveiro.org\/wp-content\/uploads\/2011\/11\/bebe_ovo.jpg 311w\" sizes=\"auto, (max-width: 167px) 100vw, 167px\" \/><\/a><\/p>\n<p>Consolidar acordos com empresas que permitam obter produtos de primeira necessidade (fraldas, leite para beb\u00e9, etc.)<\/p>\n<p>Reunir condi\u00e7\u00f5es para contratar t\u00e9cnica a tempo parcial<\/p>\n<p>Ampliar a equipa de volunt\u00e1rios e prosseguir as actividades de forma\u00e7\u00e3o<\/p>\n<p>Consolidar o grupo especializado de volunt\u00e1rios que presta apoio cl\u00ednico e jur\u00eddico<\/p>\n<p>Alargar o hor\u00e1rio do gabinete de atendimento<\/p>\n<p>Melhorar os processos de divulga\u00e7\u00e3o do servi\u00e7o de apoio \u00e0 gr\u00e1vida em risco<\/p>\n<p>Ampliar e refor\u00e7ar formas de colabora\u00e7\u00e3o com outras institui\u00e7\u00f5es da cidade e da regi\u00e3o<\/p>\n<p><em> <\/em><\/p>\n","protected":false},"excerpt":{"rendered":"<p>Propomos Consolidar acordos com empresas que permitam obter produtos de primeira necessidade (fraldas, leite para beb\u00e9, etc.) Reunir condi\u00e7\u00f5es para contratar t\u00e9cnica a tempo parcial Ampliar a equipa de volunt\u00e1rios e prosseguir as actividades de forma\u00e7\u00e3o Consolidar o grupo especializado &hellip; <a href=\"https:\/\/www.adavaveiro.org\/?page_id=2018\">Continuar a ler <span class=\"meta-nav\">&rarr;<\/span><\/a><\/p>\n","protected":false},"author":1,"featured_media":0,"parent":5,"menu_order":0,"comment_status":"closed","ping_status":"closed","template":"","meta":{"footnotes":""},"class_list":["post-2018","page","type-page","status-publish","hentry"],"_links":{"self":[{"href":"https:\/\/www.adavaveiro.org\/index.php?rest_route=\/wp\/v2\/pages\/2018","targetHints":{"allow":["GET"]}}],"collection":[{"href":"https:\/\/www.adavaveiro.org\/index.php?rest_route=\/wp\/v2\/pages"}],"about":[{"href":"https:\/\/www.adavaveiro.org\/index.php?rest_route=\/wp\/v2\/types\/page"}],"author":[{"embeddable":true,"href":"https:\/\/www.adavaveiro.org\/index.php?rest_route=\/wp\/v2\/users\/1"}],"replies":[{"embeddable":true,"href":"https:\/\/www.adavaveiro.org\/index.php?rest_route=%2Fwp%2Fv2%2Fcomments&post=2018"}],"version-history":[{"count":11,"href":"https:\/\/www.adavaveiro.org\/index.php?rest_route=\/wp\/v2\/pages\/2018\/revisions"}],"predecessor-version":[{"id":3496,"href":"https:\/\/www.adavaveiro.org\/index.php?rest_route=\/wp\/v2\/pages\/2018\/revisions\/3496"}],"up":[{"embeddable":true,"href":"https:\/\/www.adavaveiro.org\/index.php?rest_route=\/wp\/v2\/pages\/5"}],"wp:attachment":[{"href":"https:\/\/www.adavaveiro.org\/index.php?rest_route=%2Fwp%2Fv2%2Fmedia&parent=2018"}],"curies":[{"name":"wp","href":"https:\/\/api.w.org\/{rel}","templated":true}]}}

<p><span style="color: #800000;"><strong>Propomos</strong></span><em> </em></p>
<p><a rel="attachment wp-att-2039" href="http://www.adavaveiro.org/?attachment_id=2039"><img loading="lazy" decoding="async" class="aligncenter size-thumbnail wp-image-2039" title="bebe_ovo" src="http://www.adavaveiro.org/wp-content/uploads/2011/11/bebe_ovo-260x218.jpg" alt="" width="167" height="140" srcset="https://www.adavaveiro.org/wp-content/uploads/2011/11/bebe_ovo-260x218.jpg 260w, https://www.adavaveiro.org/wp-content/uploads/2011/11/bebe_ovo-300x251.jpg 300w, https://www.adavaveiro.org/wp-content/uploads/2011/11/bebe_ovo.jpg 311w" sizes="auto, (max-width: 167px) 100vw, 167px" /></a></p>
<p>Consolidar acordos com empresas que permitam obter produtos de primeira necessidade (fraldas, leite para bebé, etc.)</p>
<p>Reunir condições para contratar técnica a tempo parcial</p>
<p>Ampliar a equipa de voluntários e prosseguir as actividades de formação</p>
<p>Consolidar o grupo especializado de voluntários que presta apoio clínico e jurídico</p>
<p>Alargar o horário do gabinete de atendimento</p>
<p>Melhorar os processos de divulgação do serviço de apoio à grávida em risco</p>
<p>Ampliar e reforçar formas de colaboração com outras instituições da cidade e da região</p>
<p><em> </em></p>

<p>Propomos Consolidar acordos com empresas que permitam obter produtos de primeira necessidade (fraldas, leite para bebé, etc.) Reunir condições para contratar técnica a tempo parcial Ampliar a equipa de voluntários e prosseguir as actividades de formação Consolidar o grupo especializado &hellip; <a href="https://www.adavaveiro.org/?page_id=2018">Continuar a ler <span class="meta-nav">&rarr;</span></a></p>
