{"id":2022,"date":"2011-11-05T11:34:55","date_gmt":"2011-11-05T11:34:55","guid":{"rendered":"http:\/\/www.adavaveiro.org\/?page_id=2022"},"modified":"2017-11-12T10:47:41","modified_gmt":"2017-11-12T10:47:41","slug":"expansao-da-adav-aveiro","status":"publish","type":"page","link":"https:\/\/www.adavaveiro.org\/?page_id=2022","title":{"rendered":"Expans\u00e3o da ADAV Aveiro"},"content":{"rendered":"<p><span style=\"color: #ff6600;\"><strong>Propomos <\/strong><\/span><img loading=\"lazy\" decoding=\"async\" class=\"aligncenter size-thumbnail wp-image-2024\" title=\"amitie\" src=\"http:\/\/www.adavaveiro.org\/wp-content\/uploads\/2011\/11\/amitie-237x260.gif\" alt=\"\" width=\"237\" height=\"260\" srcset=\"https:\/\/www.adavaveiro.org\/wp-content\/uploads\/2011\/11\/amitie-237x260.gif 237w, https:\/\/www.adavaveiro.org\/wp-content\/uploads\/2011\/11\/amitie.gif 259w\" sizes=\"auto, (max-width: 237px) 100vw, 237px\" \/><\/p>\n<p>Ampliar o n\u00famero de associados, estruturando campanhas com esse objectivo<\/p>\n<p>Refor\u00e7ar o grupo de empresas amigas da Adav que, no quadro da lei fiscal, contribuam com donativos anuais<\/p>\n<p>Consolidar n\u00facleos da associa\u00e7\u00e3o nos concelhos lim\u00edtrofes de Aveiro<\/p>\n<p>Estruturar a colabora\u00e7\u00e3o regular nos \u00f3rg\u00e3os de informa\u00e7\u00e3o regional<\/p>\n<p>Organizar e participar em actividades que permitam angariar fundos e novos s\u00f3cios (concerto de Ano Novo, Feira Social, jantar, campanhas de angaria\u00e7\u00e3o de s\u00f3cios e benfeitores, etc.)<\/p>\n<p>Consolidar as estrat\u00e9gias de comunica\u00e7\u00e3o com os s\u00f3cios da Adav<\/p>\n<p>Actualizar informa\u00e7\u00e3o presente no <em>site <\/em>da Adav<\/p>\n<p>Colaborar com a <em>Federa\u00e7\u00e3o Portuguesa pela Vida<\/em><\/p>\n<p>Ampliar o n\u00famero de espa\u00e7os dispon\u00edveis para ac\u00e7\u00f5es da Adav<\/p>\n","protected":false},"excerpt":{"rendered":"<p>Propomos Ampliar o n\u00famero de associados, estruturando campanhas com esse objectivo Refor\u00e7ar o grupo de empresas amigas da Adav que, no quadro da lei fiscal, contribuam com donativos anuais Consolidar n\u00facleos da associa\u00e7\u00e3o nos concelhos lim\u00edtrofes de Aveiro Estruturar a &hellip; <a href=\"https:\/\/www.adavaveiro.org\/?page_id=2022\">Continuar a ler <span class=\"meta-nav\">&rarr;<\/span><\/a><\/p>\n","protected":false},"author":1,"featured_media":0,"parent":2,"menu_order":0,"comment_status":"closed","ping_status":"open","template":"","meta":{"footnotes":""},"class_list":["post-2022","page","type-page","status-publish","hentry"],"_links":{"self":[{"href":"https:\/\/www.adavaveiro.org\/index.php?rest_route=\/wp\/v2\/pages\/2022","targetHints":{"allow":["GET"]}}],"collection":[{"href":"https:\/\/www.adavaveiro.org\/index.php?rest_route=\/wp\/v2\/pages"}],"about":[{"href":"https:\/\/www.adavaveiro.org\/index.php?rest_route=\/wp\/v2\/types\/page"}],"author":[{"embeddable":true,"href":"https:\/\/www.adavaveiro.org\/index.php?rest_route=\/wp\/v2\/users\/1"}],"replies":[{"embeddable":true,"href":"https:\/\/www.adavaveiro.org\/index.php?rest_route=%2Fwp%2Fv2%2Fcomments&post=2022"}],"version-history":[{"count":9,"href":"https:\/\/www.adavaveiro.org\/index.php?rest_route=\/wp\/v2\/pages\/2022\/revisions"}],"predecessor-version":[{"id":3449,"href":"https:\/\/www.adavaveiro.org\/index.php?rest_route=\/wp\/v2\/pages\/2022\/revisions\/3449"}],"up":[{"embeddable":true,"href":"https:\/\/www.adavaveiro.org\/index.php?rest_route=\/wp\/v2\/pages\/2"}],"wp:attachment":[{"href":"https:\/\/www.adavaveiro.org\/index.php?rest_route=%2Fwp%2Fv2%2Fmedia&parent=2022"}],"curies":[{"name":"wp","href":"https:\/\/api.w.org\/{rel}","templated":true}]}}

Expansão da ADAV Aveiro

<p><span style="color: #ff6600;"><strong>Propomos </strong></span><img loading="lazy" decoding="async" class="aligncenter size-thumbnail wp-image-2024" title="amitie" src="http://www.adavaveiro.org/wp-content/uploads/2011/11/amitie-237x260.gif" alt="" width="237" height="260" srcset="https://www.adavaveiro.org/wp-content/uploads/2011/11/amitie-237x260.gif 237w, https://www.adavaveiro.org/wp-content/uploads/2011/11/amitie.gif 259w" sizes="auto, (max-width: 237px) 100vw, 237px" /></p>
<p>Ampliar o número de associados, estruturando campanhas com esse objectivo</p>
<p>Reforçar o grupo de empresas amigas da Adav que, no quadro da lei fiscal, contribuam com donativos anuais</p>
<p>Consolidar núcleos da associação nos concelhos limítrofes de Aveiro</p>
<p>Estruturar a colaboração regular nos órgãos de informação regional</p>
<p>Organizar e participar em actividades que permitam angariar fundos e novos sócios (concerto de Ano Novo, Feira Social, jantar, campanhas de angariação de sócios e benfeitores, etc.)</p>
<p>Consolidar as estratégias de comunicação com os sócios da Adav</p>
<p>Actualizar informação presente no <em>site </em>da Adav</p>
<p>Colaborar com a <em>Federação Portuguesa pela Vida</em></p>
<p>Ampliar o número de espaços disponíveis para acções da Adav</p>

<p>Propomos Ampliar o número de associados, estruturando campanhas com esse objectivo Reforçar o grupo de empresas amigas da Adav que, no quadro da lei fiscal, contribuam com donativos anuais Consolidar núcleos da associação nos concelhos limítrofes de Aveiro Estruturar a &hellip; <a href="https://www.adavaveiro.org/?page_id=2022">Continuar a ler <span class="meta-nav">&rarr;</span></a></p>
