{"id":2677,"date":"2012-10-07T16:44:13","date_gmt":"2012-10-07T16:44:13","guid":{"rendered":"http:\/\/www.adavaveiro.org\/?page_id=2677"},"modified":"2012-10-07T16:44:13","modified_gmt":"2012-10-07T16:44:13","slug":"portugal-vai-adoptar-novas-curvas-de-crescimento-para-bebes-e-criancas","status":"publish","type":"page","link":"https:\/\/www.adavaveiro.org\/?page_id=2677","title":{"rendered":"Portugal vai adoptar novas curvas de crescimento para beb\u00e9s e crian\u00e7as"},"content":{"rendered":"<p><strong>Portugal vai adoptar novas curvas de crescimento para beb\u00e9s e crian\u00e7as <\/strong><\/p>\n<p>07.10.2012 &#8211; 17:20 Por Andrea Cunha Freitas<\/p>\n<p>Os beb\u00e9s alimentados apenas com leite materno crescem mais nos primeiros quatro\/seis meses de vida<strong><br \/>\n<\/strong><\/p>\n<p>A &#8220;tabela dos percentis&#8221; que est\u00e1 em todos os boletins de sa\u00fade individuais vai mudar. O Programa Nacional de Sa\u00fade Infantil e Juvenil prev\u00ea a adop\u00e7\u00e3o das curvas de crescimento propostas pela Organiza\u00e7\u00e3o Mundial de Sa\u00fade.<\/p>\n<p>&nbsp;<\/p>\n<p>Os beb\u00e9s nascidos em 2013 em Portugal v\u00e3o receber uma nova vers\u00e3o dos boletins individuais de sa\u00fade. Entre outras altera\u00e7\u00f5es, o caderno azul ou cor-de-rosa ser\u00e1 diferente nas p\u00e1ginas reservadas para as &#8220;tabelas de percentis&#8221; que servem de refer\u00eancia para monitorizar o desenvolvimento de beb\u00e9s, crian\u00e7as e adolescentes portugueses. A substitui\u00e7\u00e3o das actuais curvas de crescimento pelos padr\u00f5es defendidos pela Organiza\u00e7\u00e3o Mundial de Sa\u00fade (OMS) est\u00e1 prevista no Programa Nacional de Sa\u00fade Infantil e Juvenil. Na pr\u00e1tica, esta mudan\u00e7a vai fazer com que os valores expressos nestas tabelas de percentis traduzam um crescimento mais pr\u00f3ximo do &#8220;ideal&#8221; e vai ainda permitir detectar com mais rigor algumas situa\u00e7\u00f5es problem\u00e1ticas, como os casos de obesidade.<\/p>\n<p>A cada consulta, o pediatra ou m\u00e9dico de fam\u00edlia vai assinalando num gr\u00e1fico impresso no boletim individual de sa\u00fade a evolu\u00e7\u00e3o do peso, do comprimento\/altura e do per\u00edmetro cef\u00e1lico da crian\u00e7a. Se, h\u00e1 alguns anos atr\u00e1s, este era um espa\u00e7o que s\u00f3 merecia a aten\u00e7\u00e3o dos m\u00e9dicos, hoje s\u00e3o muitos os pais que se ocupam e preocupam na an\u00e1lise desta curva de crescimento e com o percentil correspondente. De acordo com o novo Programa Nacional de Sa\u00fade Infantil e Juvenil, elaborado pela Direc\u00e7\u00e3o-Geral de Sa\u00fade (DGS) e actualmente em revis\u00e3o, estes gr\u00e1ficos e os valores que serviam de refer\u00eancia v\u00e3o mudar.<\/p>\n<p>A quest\u00e3o n\u00e3o \u00e9 nova. Desde a publica\u00e7\u00e3o dos resultados do exaustivo trabalho da OMS, publicado em 2006, que v\u00e1rios especialistas defendem a adop\u00e7\u00e3o destes novos valores de refer\u00eancia. Em Agosto de 2011, de acordo com a DGS, 125 pa\u00edses em todo o mundo j\u00e1 usavam as curvas de crescimento da OMS. Portugal, que desde a d\u00e9cada de 1970 usa outras tabelas, dever\u00e1 juntar-se no pr\u00f3ximo ano ao grupo de pa\u00edses que se guia pelas curvas da OMS.<\/p>\n<p>Actualmente, para monitorizar o estado de nutri\u00e7\u00e3o e crescimento das crian\u00e7as e adolescentes, guiamo-nos pelos valores de refer\u00eancia propostos pelo Center for Disease Control and Prevention (CDC) e baseados num estudo que envolveu apenas crian\u00e7as norte-americanas.<\/p>\n<p>Al\u00e9m de estar limitado \u00e0 an\u00e1lise da popula\u00e7\u00e3o de um pa\u00eds, este registo de padr\u00f5es apoiou-se maioritariamente numa amostra de beb\u00e9s alimentados com f\u00f3rmulas l\u00e1cteas. Desta forma, as curvas n\u00e3o reflectem de forma correcta o que pode acontecer quando estamos perante o cen\u00e1rio (recomendado) de um beb\u00e9 alimentado exclusivamente com leite materno. E, segundo os especialistas, isso faz diferen\u00e7a.<\/p>\n<p>Por essas e por outras, a OMS considerou as curvas de crescimento da CDC inadequadas e publicou uma nova vers\u00e3o destes valores de refer\u00eancia para o desenvolvimento infantil e juvenil. A vers\u00e3o da OMS \u00e9 baseada num estudo realizado, entre 1997 e 2003, em diferentes continentes e que incluiu amostras selectivas de milhares de lactentes e crian\u00e7as. Desta vez, o gr\u00e1fico reflecte o resultado de um crescimento em &#8220;cen\u00e1rio ideal&#8221; que, entre muitos outros factores, como o acesso a cuidados de sa\u00fade adequados, passa tamb\u00e9m pelo aleitamento materno exclusivo durante os primeiros quatro\/seis meses de vida.<\/p>\n<p>O pediatra Ant\u00f3nio Guerra, que fez parte do grupo de peritos consultados pela DGS, defende esta substitui\u00e7\u00e3o h\u00e1 j\u00e1 v\u00e1rios anos. &#8220;As curvas de crescimento da OMS valorizam de modo mais correcto o estado de nutri\u00e7\u00e3o e outros factores que t\u00eam influ\u00eancia no desenvolvimento&#8221;, diz, acrescentando que as principais diferen\u00e7as entre os valores de refer\u00eancia s\u00e3o sobretudo percept\u00edveis no primeiro ano de vida, uma altura &#8220;determinante&#8221; para a sa\u00fade futura do beb\u00e9.<\/p>\n<p>O presidente da Sociedade Portuguesa de Pediatria deixa um exemplo das diferen\u00e7as que podemos encontrar entre as actuais e as futuras &#8220;tabelas de percentis&#8221;: de acordo com os especialistas, os beb\u00e9s alimentados apenas com leite materno crescem mais nos primeiros quatro\/seis meses, mas sofrem depois uma desacelera\u00e7\u00e3o do ritmo de crescimento. Essa &#8220;natural&#8221; desacelera\u00e7\u00e3o n\u00e3o est\u00e1 prevista nas curvas de crescimento do CDC, o que muitas vezes pode fazer com que se introduza suplementos como o leite artificial ou a papa na dieta do beb\u00e9. Um erro, de acordo com a opini\u00e3o de muitos especialistas. As curvas da OMS prev\u00eaem j\u00e1 essa desacelera\u00e7\u00e3o &#8220;natural&#8221;. Por outro lado, Ant\u00f3nio Guerra nota ainda que as curvas de crescimento da OMS v\u00e3o tamb\u00e9m melhorar a detec\u00e7\u00e3o de situa\u00e7\u00f5es de obesidade, que actualmente \u00e9 um dos problemas mais preocupantes da sa\u00fade infantil e juvenil portuguesa.<\/p>\n<p>Apesar de sublinhar a import\u00e2ncia desta medida, Ant\u00f3nio Guerra sabe que muitas vezes o percentil de uma crian\u00e7a \u00e9 sobreavaliado e, pior do que isso, mal interpretado pelos pais. N\u00e3o h\u00e1 um bom percentil e muito menos \u00e9 verdade que, quanto mais alto o percentil, melhor. &#8220;N\u00e3o importa se a crian\u00e7a tem o percentil 25, 50 ou 75. O importante \u00e9 crescer a uma velocidade normal, em paralelo com as curvas de refer\u00eancia, e ter o peso e o comprimento a progredir de forma proporcionada e harmoniosa&#8221;, avisa o pediatra.<\/p>\n<p>De acordo com B\u00e1rbara Menezes, da equipa da DGS que redigiu o novo programa, as mudan\u00e7as previstas dever\u00e3o ser implementadas at\u00e9 ao final do ano. Ou seja, os beb\u00e9s nascidos em 2013 j\u00e1 ter\u00e3o novos boletins individuais de sa\u00fade. &#8220;Os actuais boletins ser\u00e3o mantidos e n\u00e3o ser\u00e3o substitu\u00eddos, mas os profissionais de sa\u00fade ter\u00e3o acesso a toda a informa\u00e7\u00e3o sobre as novas normas, nomeadamente nos sistemas inform\u00e1ticos&#8221;.<\/p>\n<p>Al\u00e9m desta mudan\u00e7a nas curvas de crescimento, est\u00e1 tamb\u00e9m prevista a altera\u00e7\u00e3o na cronologia das consultas referentes a idades-chave da vigil\u00e2ncia e um &#8220;novo enfoque nas quest\u00f5es relacionadas com o desenvolvimento infantil, as perturba\u00e7\u00f5es do comportamento e os maus tratos&#8221;. Sobre as consultas, o programa prev\u00ea a introdu\u00e7\u00e3o de uma consulta &#8220;aos 5 anos, com o objectivo de avaliar a exist\u00eancia de compet\u00eancias para o in\u00edcio da aprendizagem, aos 6\/7 anos, para detec\u00e7\u00e3o precoce de dificuldades espec\u00edficas de aprendizagem, e aos 10 anos, para preparar o in\u00edcio da puberdade e a entrada para o 5.\u00ba ano de escolaridade&#8221;.<\/p>\n<p>in http:\/\/www.publico.pt\/Sociedade\/portugal-vai-adoptar-novas-curvas-de-crescimento-para-bebes-e-criancas-1566206?all=1<\/p>\n","protected":false},"excerpt":{"rendered":"<p>Portugal vai adoptar novas curvas de crescimento para beb\u00e9s e crian\u00e7as 07.10.2012 &#8211; 17:20 Por Andrea Cunha Freitas Os beb\u00e9s alimentados apenas com leite materno crescem mais nos primeiros quatro\/seis meses de vida A &#8220;tabela dos percentis&#8221; que est\u00e1 em &hellip; <a href=\"https:\/\/www.adavaveiro.org\/?page_id=2677\">Continuar a ler <span class=\"meta-nav\">&rarr;<\/span><\/a><\/p>\n","protected":false},"author":1,"featured_media":0,"parent":17,"menu_order":0,"comment_status":"closed","ping_status":"closed","template":"","meta":{"footnotes":""},"class_list":["post-2677","page","type-page","status-publish","hentry"],"_links":{"self":[{"href":"https:\/\/www.adavaveiro.org\/index.php?rest_route=\/wp\/v2\/pages\/2677","targetHints":{"allow":["GET"]}}],"collection":[{"href":"https:\/\/www.adavaveiro.org\/index.php?rest_route=\/wp\/v2\/pages"}],"about":[{"href":"https:\/\/www.adavaveiro.org\/index.php?rest_route=\/wp\/v2\/types\/page"}],"author":[{"embeddable":true,"href":"https:\/\/www.adavaveiro.org\/index.php?rest_route=\/wp\/v2\/users\/1"}],"replies":[{"embeddable":true,"href":"https:\/\/www.adavaveiro.org\/index.php?rest_route=%2Fwp%2Fv2%2Fcomments&post=2677"}],"version-history":[{"count":1,"href":"https:\/\/www.adavaveiro.org\/index.php?rest_route=\/wp\/v2\/pages\/2677\/revisions"}],"predecessor-version":[{"id":2678,"href":"https:\/\/www.adavaveiro.org\/index.php?rest_route=\/wp\/v2\/pages\/2677\/revisions\/2678"}],"up":[{"embeddable":true,"href":"https:\/\/www.adavaveiro.org\/index.php?rest_route=\/wp\/v2\/pages\/17"}],"wp:attachment":[{"href":"https:\/\/www.adavaveiro.org\/index.php?rest_route=%2Fwp%2Fv2%2Fmedia&parent=2677"}],"curies":[{"name":"wp","href":"https:\/\/api.w.org\/{rel}","templated":true}]}}

Portugal vai adoptar novas curvas de crescimento para bebés e crianças

<p><strong>Portugal vai adoptar novas curvas de crescimento para bebés e crianças </strong></p>
<p>07.10.2012 &#8211; 17:20 Por Andrea Cunha Freitas</p>
<p>Os bebés alimentados apenas com leite materno crescem mais nos primeiros quatro/seis meses de vida<strong><br />
</strong></p>
<p>A &#8220;tabela dos percentis&#8221; que está em todos os boletins de saúde individuais vai mudar. O Programa Nacional de Saúde Infantil e Juvenil prevê a adopção das curvas de crescimento propostas pela Organização Mundial de Saúde.</p>
<p>&nbsp;</p>
<p>Os bebés nascidos em 2013 em Portugal vão receber uma nova versão dos boletins individuais de saúde. Entre outras alterações, o caderno azul ou cor-de-rosa será diferente nas páginas reservadas para as &#8220;tabelas de percentis&#8221; que servem de referência para monitorizar o desenvolvimento de bebés, crianças e adolescentes portugueses. A substituição das actuais curvas de crescimento pelos padrões defendidos pela Organização Mundial de Saúde (OMS) está prevista no Programa Nacional de Saúde Infantil e Juvenil. Na prática, esta mudança vai fazer com que os valores expressos nestas tabelas de percentis traduzam um crescimento mais próximo do &#8220;ideal&#8221; e vai ainda permitir detectar com mais rigor algumas situações problemáticas, como os casos de obesidade.</p>
<p>A cada consulta, o pediatra ou médico de família vai assinalando num gráfico impresso no boletim individual de saúde a evolução do peso, do comprimento/altura e do perímetro cefálico da criança. Se, há alguns anos atrás, este era um espaço que só merecia a atenção dos médicos, hoje são muitos os pais que se ocupam e preocupam na análise desta curva de crescimento e com o percentil correspondente. De acordo com o novo Programa Nacional de Saúde Infantil e Juvenil, elaborado pela Direcção-Geral de Saúde (DGS) e actualmente em revisão, estes gráficos e os valores que serviam de referência vão mudar.</p>
<p>A questão não é nova. Desde a publicação dos resultados do exaustivo trabalho da OMS, publicado em 2006, que vários especialistas defendem a adopção destes novos valores de referência. Em Agosto de 2011, de acordo com a DGS, 125 países em todo o mundo já usavam as curvas de crescimento da OMS. Portugal, que desde a década de 1970 usa outras tabelas, deverá juntar-se no próximo ano ao grupo de países que se guia pelas curvas da OMS.</p>
<p>Actualmente, para monitorizar o estado de nutrição e crescimento das crianças e adolescentes, guiamo-nos pelos valores de referência propostos pelo Center for Disease Control and Prevention (CDC) e baseados num estudo que envolveu apenas crianças norte-americanas.</p>
<p>Além de estar limitado à análise da população de um país, este registo de padrões apoiou-se maioritariamente numa amostra de bebés alimentados com fórmulas lácteas. Desta forma, as curvas não reflectem de forma correcta o que pode acontecer quando estamos perante o cenário (recomendado) de um bebé alimentado exclusivamente com leite materno. E, segundo os especialistas, isso faz diferença.</p>
<p>Por essas e por outras, a OMS considerou as curvas de crescimento da CDC inadequadas e publicou uma nova versão destes valores de referência para o desenvolvimento infantil e juvenil. A versão da OMS é baseada num estudo realizado, entre 1997 e 2003, em diferentes continentes e que incluiu amostras selectivas de milhares de lactentes e crianças. Desta vez, o gráfico reflecte o resultado de um crescimento em &#8220;cenário ideal&#8221; que, entre muitos outros factores, como o acesso a cuidados de saúde adequados, passa também pelo aleitamento materno exclusivo durante os primeiros quatro/seis meses de vida.</p>
<p>O pediatra António Guerra, que fez parte do grupo de peritos consultados pela DGS, defende esta substituição há já vários anos. &#8220;As curvas de crescimento da OMS valorizam de modo mais correcto o estado de nutrição e outros factores que têm influência no desenvolvimento&#8221;, diz, acrescentando que as principais diferenças entre os valores de referência são sobretudo perceptíveis no primeiro ano de vida, uma altura &#8220;determinante&#8221; para a saúde futura do bebé.</p>
<p>O presidente da Sociedade Portuguesa de Pediatria deixa um exemplo das diferenças que podemos encontrar entre as actuais e as futuras &#8220;tabelas de percentis&#8221;: de acordo com os especialistas, os bebés alimentados apenas com leite materno crescem mais nos primeiros quatro/seis meses, mas sofrem depois uma desaceleração do ritmo de crescimento. Essa &#8220;natural&#8221; desaceleração não está prevista nas curvas de crescimento do CDC, o que muitas vezes pode fazer com que se introduza suplementos como o leite artificial ou a papa na dieta do bebé. Um erro, de acordo com a opinião de muitos especialistas. As curvas da OMS prevêem já essa desaceleração &#8220;natural&#8221;. Por outro lado, António Guerra nota ainda que as curvas de crescimento da OMS vão também melhorar a detecção de situações de obesidade, que actualmente é um dos problemas mais preocupantes da saúde infantil e juvenil portuguesa.</p>
<p>Apesar de sublinhar a importância desta medida, António Guerra sabe que muitas vezes o percentil de uma criança é sobreavaliado e, pior do que isso, mal interpretado pelos pais. Não há um bom percentil e muito menos é verdade que, quanto mais alto o percentil, melhor. &#8220;Não importa se a criança tem o percentil 25, 50 ou 75. O importante é crescer a uma velocidade normal, em paralelo com as curvas de referência, e ter o peso e o comprimento a progredir de forma proporcionada e harmoniosa&#8221;, avisa o pediatra.</p>
<p>De acordo com Bárbara Menezes, da equipa da DGS que redigiu o novo programa, as mudanças previstas deverão ser implementadas até ao final do ano. Ou seja, os bebés nascidos em 2013 já terão novos boletins individuais de saúde. &#8220;Os actuais boletins serão mantidos e não serão substituídos, mas os profissionais de saúde terão acesso a toda a informação sobre as novas normas, nomeadamente nos sistemas informáticos&#8221;.</p>
<p>Além desta mudança nas curvas de crescimento, está também prevista a alteração na cronologia das consultas referentes a idades-chave da vigilância e um &#8220;novo enfoque nas questões relacionadas com o desenvolvimento infantil, as perturbações do comportamento e os maus tratos&#8221;. Sobre as consultas, o programa prevê a introdução de uma consulta &#8220;aos 5 anos, com o objectivo de avaliar a existência de competências para o início da aprendizagem, aos 6/7 anos, para detecção precoce de dificuldades específicas de aprendizagem, e aos 10 anos, para preparar o início da puberdade e a entrada para o 5.º ano de escolaridade&#8221;.</p>
<p>in http://www.publico.pt/Sociedade/portugal-vai-adoptar-novas-curvas-de-crescimento-para-bebes-e-criancas-1566206?all=1</p>

<p>Portugal vai adoptar novas curvas de crescimento para bebés e crianças 07.10.2012 &#8211; 17:20 Por Andrea Cunha Freitas Os bebés alimentados apenas com leite materno crescem mais nos primeiros quatro/seis meses de vida A &#8220;tabela dos percentis&#8221; que está em &hellip; <a href="https://www.adavaveiro.org/?page_id=2677">Continuar a ler <span class="meta-nav">&rarr;</span></a></p>
