{"id":3249,"date":"2015-01-11T11:15:06","date_gmt":"2015-01-11T11:15:06","guid":{"rendered":"http:\/\/www.adavaveiro.org\/?page_id=3249"},"modified":"2017-11-12T10:36:11","modified_gmt":"2017-11-12T10:36:11","slug":"no-diario-de-aveiro","status":"publish","type":"page","link":"https:\/\/www.adavaveiro.org\/?page_id=3249","title":{"rendered":"Concerto de Reis  11\/1\/2015"},"content":{"rendered":"<p><img loading=\"lazy\" decoding=\"async\" class=\"aligncenter size-thumbnail wp-image-3250\" src=\"http:\/\/www.adavaveiro.org\/wp-content\/uploads\/2015\/01\/diario-de-aveiro_11_1_2015-220x260.png\" alt=\"diario de aveiro_11_1_2015\" width=\"220\" height=\"260\" srcset=\"https:\/\/www.adavaveiro.org\/wp-content\/uploads\/2015\/01\/diario-de-aveiro_11_1_2015-220x260.png 220w, https:\/\/www.adavaveiro.org\/wp-content\/uploads\/2015\/01\/diario-de-aveiro_11_1_2015-254x300.png 254w, https:\/\/www.adavaveiro.org\/wp-content\/uploads\/2015\/01\/diario-de-aveiro_11_1_2015.png 501w\" sizes=\"auto, (max-width: 220px) 100vw, 220px\" \/><\/p>\n<div class=\"_5pbx userContent\" data-ft=\"{&quot;tn&quot;:&quot;K&quot;}\">\n<p><span style=\"color: #000000;\">No Di\u00e1rio de Aveiro de hoje (11\/1\/2015):<\/span><\/p>\n<p><span style=\"color: #000000;\">&#8220;Mais uma vez, a m\u00fasica vai acontecer em nome de uma causa social. A Escola Diocesana de M\u00fasica Sacra de Aveiro (EDMUSA) promove hoje, na S\u00e9 de Aveiro, pelas 16 horas e em parceria com a Par\u00f3quia de Nossa Senhora da Gl\u00f3ria e com a Associa\u00e7\u00e3o de Defesa e Apoio da Vida, um concerto solid\u00e1rio. Embora de entrada livre, a organiza\u00e7\u00e3o apela \u00e0s pessoas que assistirem ao concerto que entreguem g\u00e9neros alimentares destinados a apoiar as fam\u00edlias acompanhadas pela Associa\u00e7\u00e3o, especialmente jovens m\u00e3es e os seus filhos, com car\u00eancias econ\u00f3micas. Os beb\u00e9s destas fam\u00edlias apoiadas precisam de, especificamente, fraldas, leite at\u00e9 aos 12 meses e leite UHT.<\/span><br \/>\n<span style=\"color: #000000;\"> Quem se juntar a esta causa vai poder assistir a um concerto por Leonardo Mo\u00e7o, que traz obras para \u00f3rg\u00e3o de tubos de Bach, Couperin, Daquin e Louis Vierne.&#8221;<\/span><\/p>\n<\/div>\n","protected":false},"excerpt":{"rendered":"<p>No Di\u00e1rio de Aveiro de hoje (11\/1\/2015): &#8220;Mais uma vez, a m\u00fasica vai acontecer em nome de uma causa social. A Escola Diocesana de M\u00fasica Sacra de Aveiro (EDMUSA) promove hoje, na S\u00e9 de Aveiro, pelas 16 horas e em &hellip; <a href=\"https:\/\/www.adavaveiro.org\/?page_id=3249\">Continuar a ler <span class=\"meta-nav\">&rarr;<\/span><\/a><\/p>\n","protected":false},"author":1,"featured_media":0,"parent":1081,"menu_order":0,"comment_status":"closed","ping_status":"closed","template":"","meta":{"footnotes":""},"class_list":["post-3249","page","type-page","status-publish","hentry"],"_links":{"self":[{"href":"https:\/\/www.adavaveiro.org\/index.php?rest_route=\/wp\/v2\/pages\/3249","targetHints":{"allow":["GET"]}}],"collection":[{"href":"https:\/\/www.adavaveiro.org\/index.php?rest_route=\/wp\/v2\/pages"}],"about":[{"href":"https:\/\/www.adavaveiro.org\/index.php?rest_route=\/wp\/v2\/types\/page"}],"author":[{"embeddable":true,"href":"https:\/\/www.adavaveiro.org\/index.php?rest_route=\/wp\/v2\/users\/1"}],"replies":[{"embeddable":true,"href":"https:\/\/www.adavaveiro.org\/index.php?rest_route=%2Fwp%2Fv2%2Fcomments&post=3249"}],"version-history":[{"count":3,"href":"https:\/\/www.adavaveiro.org\/index.php?rest_route=\/wp\/v2\/pages\/3249\/revisions"}],"predecessor-version":[{"id":3417,"href":"https:\/\/www.adavaveiro.org\/index.php?rest_route=\/wp\/v2\/pages\/3249\/revisions\/3417"}],"up":[{"embeddable":true,"href":"https:\/\/www.adavaveiro.org\/index.php?rest_route=\/wp\/v2\/pages\/1081"}],"wp:attachment":[{"href":"https:\/\/www.adavaveiro.org\/index.php?rest_route=%2Fwp%2Fv2%2Fmedia&parent=3249"}],"curies":[{"name":"wp","href":"https:\/\/api.w.org\/{rel}","templated":true}]}}

<p><img loading="lazy" decoding="async" class="aligncenter size-thumbnail wp-image-3250" src="http://www.adavaveiro.org/wp-content/uploads/2015/01/diario-de-aveiro_11_1_2015-220x260.png" alt="diario de aveiro_11_1_2015" width="220" height="260" srcset="https://www.adavaveiro.org/wp-content/uploads/2015/01/diario-de-aveiro_11_1_2015-220x260.png 220w, https://www.adavaveiro.org/wp-content/uploads/2015/01/diario-de-aveiro_11_1_2015-254x300.png 254w, https://www.adavaveiro.org/wp-content/uploads/2015/01/diario-de-aveiro_11_1_2015.png 501w" sizes="auto, (max-width: 220px) 100vw, 220px" /></p>
<div class="_5pbx userContent" data-ft="{&quot;tn&quot;:&quot;K&quot;}">
<p><span style="color: #000000;">No Diário de Aveiro de hoje (11/1/2015):</span></p>
<p><span style="color: #000000;">&#8220;Mais uma vez, a música vai acontecer em nome de uma causa social. A Escola Diocesana de Música Sacra de Aveiro (EDMUSA) promove hoje, na Sé de Aveiro, pelas 16 horas e em parceria com a Paróquia de Nossa Senhora da Glória e com a Associação de Defesa e Apoio da Vida, um concerto solidário. Embora de entrada livre, a organização apela às pessoas que assistirem ao concerto que entreguem géneros alimentares destinados a apoiar as famílias acompanhadas pela Associação, especialmente jovens mães e os seus filhos, com carências económicas. Os bebés destas famílias apoiadas precisam de, especificamente, fraldas, leite até aos 12 meses e leite UHT.</span><br />
<span style="color: #000000;"> Quem se juntar a esta causa vai poder assistir a um concerto por Leonardo Moço, que traz obras para órgão de tubos de Bach, Couperin, Daquin e Louis Vierne.&#8221;</span></p>
</div>

<p>No Diário de Aveiro de hoje (11/1/2015): &#8220;Mais uma vez, a música vai acontecer em nome de uma causa social. A Escola Diocesana de Música Sacra de Aveiro (EDMUSA) promove hoje, na Sé de Aveiro, pelas 16 horas e em &hellip; <a href="https://www.adavaveiro.org/?page_id=3249">Continuar a ler <span class="meta-nav">&rarr;</span></a></p>
