{"id":3501,"date":"2018-01-23T16:45:55","date_gmt":"2018-01-23T16:45:55","guid":{"rendered":"http:\/\/www.adavaveiro.org\/?page_id=3501"},"modified":"2018-01-23T16:45:55","modified_gmt":"2018-01-23T16:45:55","slug":"campanha-pranascer","status":"publish","type":"page","link":"https:\/\/www.adavaveiro.org\/?page_id=3501","title":{"rendered":"Campanha PRANASCER"},"content":{"rendered":"<p>Campanha PRANASCER &#8211; \u00abajudar a nascer\u00bb<\/p>\n<p><img loading=\"lazy\" decoding=\"async\" class=\"aligncenter size-thumbnail wp-image-3043\" src=\"http:\/\/www.adavaveiro.org\/wp-content\/uploads\/2013\/05\/menina-260x204.jpg\" alt=\"\" width=\"260\" height=\"204\" srcset=\"https:\/\/www.adavaveiro.org\/wp-content\/uploads\/2013\/05\/menina-260x204.jpg 260w, https:\/\/www.adavaveiro.org\/wp-content\/uploads\/2013\/05\/menina-300x235.jpg 300w, https:\/\/www.adavaveiro.org\/wp-content\/uploads\/2013\/05\/menina.jpg 400w\" sizes=\"auto, (max-width: 260px) 100vw, 260px\" \/><\/p>\n<p>Numa \u00e9poca de crise como a que se vive, atualmente multiplicam-se as situa\u00e7\u00f5es de especial necessidade, exigindo-se, das institui\u00e7\u00f5es, respostas cada vez mais consistentes e estruturadas. Neste quadro, em que a fragilidade socioecon\u00f3mica pode tornar mais dif\u00edcil nascer, a ADAV-Aveiro prop\u00f5e-se consolidar o apoio a situa\u00e7\u00f5es particularmente mais dif\u00edceis.<\/p>\n<p>Os casos enquadr\u00e1veis neste projeto ser\u00e3o atendidos, definidos e acompanhados pela dire\u00e7\u00e3o da associa\u00e7\u00e3o, verificando estarem reunidos crit\u00e9rios de especial fragilidade socioecon\u00f3mica e salvaguardando sempre o sigilo que as circunst\u00e2ncias exigem<em>.<\/em><\/p>\n<p>Desafiam-se todos os que se reconhecem nos valores desta associa\u00e7\u00e3o a aderir \u00e0 campanha, \u00abapadrinhando\u00bb uma ou mais crian\u00e7as por um per\u00edodo m\u00ednimo de um ano, renov\u00e1vel at\u00e9 ao limite dos tr\u00eas anos de cada crian\u00e7a.<\/p>\n<p>Cada \u00abpadrinho\u00bb apoiar\u00e1 com um valor m\u00ednimo de 5 euros mensais por crian\u00e7a, que, associado ao de outros \u00abpadrinhos\u00bb, permitir\u00e1 refor\u00e7ar a ajuda prestada por esta associa\u00e7\u00e3o.<\/p>\n","protected":false},"excerpt":{"rendered":"<p>Campanha PRANASCER &#8211; \u00abajudar a nascer\u00bb Numa \u00e9poca de crise como a que se vive, atualmente multiplicam-se as situa\u00e7\u00f5es de especial necessidade, exigindo-se, das institui\u00e7\u00f5es, respostas cada vez mais consistentes e estruturadas. Neste quadro, em que a fragilidade socioecon\u00f3mica pode &hellip; <a href=\"https:\/\/www.adavaveiro.org\/?page_id=3501\">Continuar a ler <span class=\"meta-nav\">&rarr;<\/span><\/a><\/p>\n","protected":false},"author":1,"featured_media":0,"parent":5,"menu_order":0,"comment_status":"closed","ping_status":"closed","template":"","meta":{"footnotes":""},"class_list":["post-3501","page","type-page","status-publish","hentry"],"_links":{"self":[{"href":"https:\/\/www.adavaveiro.org\/index.php?rest_route=\/wp\/v2\/pages\/3501","targetHints":{"allow":["GET"]}}],"collection":[{"href":"https:\/\/www.adavaveiro.org\/index.php?rest_route=\/wp\/v2\/pages"}],"about":[{"href":"https:\/\/www.adavaveiro.org\/index.php?rest_route=\/wp\/v2\/types\/page"}],"author":[{"embeddable":true,"href":"https:\/\/www.adavaveiro.org\/index.php?rest_route=\/wp\/v2\/users\/1"}],"replies":[{"embeddable":true,"href":"https:\/\/www.adavaveiro.org\/index.php?rest_route=%2Fwp%2Fv2%2Fcomments&post=3501"}],"version-history":[{"count":1,"href":"https:\/\/www.adavaveiro.org\/index.php?rest_route=\/wp\/v2\/pages\/3501\/revisions"}],"predecessor-version":[{"id":3502,"href":"https:\/\/www.adavaveiro.org\/index.php?rest_route=\/wp\/v2\/pages\/3501\/revisions\/3502"}],"up":[{"embeddable":true,"href":"https:\/\/www.adavaveiro.org\/index.php?rest_route=\/wp\/v2\/pages\/5"}],"wp:attachment":[{"href":"https:\/\/www.adavaveiro.org\/index.php?rest_route=%2Fwp%2Fv2%2Fmedia&parent=3501"}],"curies":[{"name":"wp","href":"https:\/\/api.w.org\/{rel}","templated":true}]}}

<p>Campanha PRANASCER &#8211; «ajudar a nascer»</p>
<p><img loading="lazy" decoding="async" class="aligncenter size-thumbnail wp-image-3043" src="http://www.adavaveiro.org/wp-content/uploads/2013/05/menina-260x204.jpg" alt="" width="260" height="204" srcset="https://www.adavaveiro.org/wp-content/uploads/2013/05/menina-260x204.jpg 260w, https://www.adavaveiro.org/wp-content/uploads/2013/05/menina-300x235.jpg 300w, https://www.adavaveiro.org/wp-content/uploads/2013/05/menina.jpg 400w" sizes="auto, (max-width: 260px) 100vw, 260px" /></p>
<p>Numa época de crise como a que se vive, atualmente multiplicam-se as situações de especial necessidade, exigindo-se, das instituições, respostas cada vez mais consistentes e estruturadas. Neste quadro, em que a fragilidade socioeconómica pode tornar mais difícil nascer, a ADAV-Aveiro propõe-se consolidar o apoio a situações particularmente mais difíceis.</p>
<p>Os casos enquadráveis neste projeto serão atendidos, definidos e acompanhados pela direção da associação, verificando estarem reunidos critérios de especial fragilidade socioeconómica e salvaguardando sempre o sigilo que as circunstâncias exigem<em>.</em></p>
<p>Desafiam-se todos os que se reconhecem nos valores desta associação a aderir à campanha, «apadrinhando» uma ou mais crianças por um período mínimo de um ano, renovável até ao limite dos três anos de cada criança.</p>
<p>Cada «padrinho» apoiará com um valor mínimo de 5 euros mensais por criança, que, associado ao de outros «padrinhos», permitirá reforçar a ajuda prestada por esta associação.</p>

<p>Campanha PRANASCER &#8211; «ajudar a nascer» Numa época de crise como a que se vive, atualmente multiplicam-se as situações de especial necessidade, exigindo-se, das instituições, respostas cada vez mais consistentes e estruturadas. Neste quadro, em que a fragilidade socioeconómica pode &hellip; <a href="https://www.adavaveiro.org/?page_id=3501">Continuar a ler <span class="meta-nav">&rarr;</span></a></p>
