{"id":3758,"date":"2021-11-01T11:40:47","date_gmt":"2021-11-01T11:40:47","guid":{"rendered":"http:\/\/www.adavaveiro.org\/?page_id=3758"},"modified":"2024-04-01T09:49:03","modified_gmt":"2024-04-01T09:49:03","slug":"4-a-caminhada-solidaria-pela-vida-23-10-2021","status":"publish","type":"page","link":"https:\/\/www.adavaveiro.org\/?page_id=3758","title":{"rendered":"4.\u00aa CAMINHADA SOLID\u00c1RIA PELA VIDA \u2013 23\/10\/2021"},"content":{"rendered":"\n<p>No dia 23 de Outubro de 2021, decorreu a IV Caminhada Solid\u00e1ria pela Vida organizada pela ADAV, levando a Aveiro uma mensagem de esperan\u00e7a e alegria.<\/p>\n\n\n\n<p><br>A ADAV agradece a todos os que puderam participar, e que contribu\u00edram com o valor da sua inscri\u00e7\u00e3o ou com bens alimentares.<\/p>\n\n\n\n<figure class=\"wp-block-image size-full\"><img loading=\"lazy\" decoding=\"async\" width=\"720\" height=\"480\" src=\"http:\/\/www.adavaveiro.org\/wp-content\/uploads\/2021\/11\/01.jpg\" alt=\"\" class=\"wp-image-3760\" srcset=\"https:\/\/www.adavaveiro.org\/wp-content\/uploads\/2021\/11\/01.jpg 720w, https:\/\/www.adavaveiro.org\/wp-content\/uploads\/2021\/11\/01-300x200.jpg 300w, https:\/\/www.adavaveiro.org\/wp-content\/uploads\/2021\/11\/01-260x173.jpg 260w, https:\/\/www.adavaveiro.org\/wp-content\/uploads\/2021\/11\/01-450x300.jpg 450w\" sizes=\"auto, (max-width: 720px) 100vw, 720px\" \/><\/figure>\n\n\n\n<figure class=\"wp-block-image size-large\"><img loading=\"lazy\" decoding=\"async\" width=\"1024\" height=\"461\" src=\"http:\/\/www.adavaveiro.org\/wp-content\/uploads\/2021\/11\/02-1024x461.jpg\" alt=\"\" class=\"wp-image-3761\" srcset=\"https:\/\/www.adavaveiro.org\/wp-content\/uploads\/2021\/11\/02-1024x461.jpg 1024w, https:\/\/www.adavaveiro.org\/wp-content\/uploads\/2021\/11\/02-300x135.jpg 300w, https:\/\/www.adavaveiro.org\/wp-content\/uploads\/2021\/11\/02-260x117.jpg 260w, https:\/\/www.adavaveiro.org\/wp-content\/uploads\/2021\/11\/02-768x345.jpg 768w, https:\/\/www.adavaveiro.org\/wp-content\/uploads\/2021\/11\/02-1536x691.jpg 1536w, https:\/\/www.adavaveiro.org\/wp-content\/uploads\/2021\/11\/02-500x225.jpg 500w, https:\/\/www.adavaveiro.org\/wp-content\/uploads\/2021\/11\/02.jpg 2048w\" sizes=\"auto, (max-width: 1024px) 100vw, 1024px\" \/><\/figure>\n\n\n\n<figure class=\"wp-block-image size-large\"><img loading=\"lazy\" decoding=\"async\" width=\"1024\" height=\"461\" src=\"http:\/\/www.adavaveiro.org\/wp-content\/uploads\/2021\/11\/03-1024x461.jpg\" alt=\"\" class=\"wp-image-3762\" srcset=\"https:\/\/www.adavaveiro.org\/wp-content\/uploads\/2021\/11\/03-1024x461.jpg 1024w, https:\/\/www.adavaveiro.org\/wp-content\/uploads\/2021\/11\/03-300x135.jpg 300w, https:\/\/www.adavaveiro.org\/wp-content\/uploads\/2021\/11\/03-260x117.jpg 260w, https:\/\/www.adavaveiro.org\/wp-content\/uploads\/2021\/11\/03-768x345.jpg 768w, https:\/\/www.adavaveiro.org\/wp-content\/uploads\/2021\/11\/03-1536x691.jpg 1536w, https:\/\/www.adavaveiro.org\/wp-content\/uploads\/2021\/11\/03-500x225.jpg 500w, https:\/\/www.adavaveiro.org\/wp-content\/uploads\/2021\/11\/03.jpg 2048w\" sizes=\"auto, (max-width: 1024px) 100vw, 1024px\" \/><\/figure>\n\n\n\n<figure class=\"wp-block-image size-large\"><img loading=\"lazy\" decoding=\"async\" width=\"1024\" height=\"461\" src=\"http:\/\/www.adavaveiro.org\/wp-content\/uploads\/2021\/11\/04-1024x461.jpg\" alt=\"\" class=\"wp-image-3763\" srcset=\"https:\/\/www.adavaveiro.org\/wp-content\/uploads\/2021\/11\/04-1024x461.jpg 1024w, https:\/\/www.adavaveiro.org\/wp-content\/uploads\/2021\/11\/04-300x135.jpg 300w, https:\/\/www.adavaveiro.org\/wp-content\/uploads\/2021\/11\/04-260x117.jpg 260w, https:\/\/www.adavaveiro.org\/wp-content\/uploads\/2021\/11\/04-768x345.jpg 768w, https:\/\/www.adavaveiro.org\/wp-content\/uploads\/2021\/11\/04-1536x691.jpg 1536w, https:\/\/www.adavaveiro.org\/wp-content\/uploads\/2021\/11\/04-500x225.jpg 500w, https:\/\/www.adavaveiro.org\/wp-content\/uploads\/2021\/11\/04.jpg 2048w\" sizes=\"auto, (max-width: 1024px) 100vw, 1024px\" \/><\/figure>\n\n\n\n<figure class=\"wp-block-image size-large\"><img loading=\"lazy\" decoding=\"async\" width=\"1024\" height=\"1024\" src=\"http:\/\/www.adavaveiro.org\/wp-content\/uploads\/2021\/11\/05-1024x1024.jpg\" alt=\"\" class=\"wp-image-3764\" srcset=\"https:\/\/www.adavaveiro.org\/wp-content\/uploads\/2021\/11\/05-1024x1024.jpg 1024w, https:\/\/www.adavaveiro.org\/wp-content\/uploads\/2021\/11\/05-300x300.jpg 300w, https:\/\/www.adavaveiro.org\/wp-content\/uploads\/2021\/11\/05-260x260.jpg 260w, https:\/\/www.adavaveiro.org\/wp-content\/uploads\/2021\/11\/05-768x768.jpg 768w, https:\/\/www.adavaveiro.org\/wp-content\/uploads\/2021\/11\/05.jpg 1296w\" sizes=\"auto, (max-width: 1024px) 100vw, 1024px\" \/><\/figure>\n\n\n\n<figure class=\"wp-block-image size-large\"><img loading=\"lazy\" decoding=\"async\" width=\"1024\" height=\"1024\" src=\"http:\/\/www.adavaveiro.org\/wp-content\/uploads\/2021\/11\/06-1024x1024.jpg\" alt=\"\" class=\"wp-image-3765\" srcset=\"https:\/\/www.adavaveiro.org\/wp-content\/uploads\/2021\/11\/06-1024x1024.jpg 1024w, https:\/\/www.adavaveiro.org\/wp-content\/uploads\/2021\/11\/06-300x300.jpg 300w, https:\/\/www.adavaveiro.org\/wp-content\/uploads\/2021\/11\/06-260x260.jpg 260w, https:\/\/www.adavaveiro.org\/wp-content\/uploads\/2021\/11\/06-768x768.jpg 768w, https:\/\/www.adavaveiro.org\/wp-content\/uploads\/2021\/11\/06.jpg 1440w\" sizes=\"auto, (max-width: 1024px) 100vw, 1024px\" \/><\/figure>\n\n\n\n<p><\/p>\n","protected":false},"excerpt":{"rendered":"<p>No dia 23 de Outubro de 2021, decorreu a IV Caminhada Solid\u00e1ria pela Vida organizada pela ADAV, levando a Aveiro uma mensagem de esperan\u00e7a e alegria. A ADAV agradece a todos os que puderam participar, e que contribu\u00edram com o &hellip; <a href=\"https:\/\/www.adavaveiro.org\/?page_id=3758\">Continuar a ler <span class=\"meta-nav\">&rarr;<\/span><\/a><\/p>\n","protected":false},"author":8,"featured_media":0,"parent":5,"menu_order":0,"comment_status":"closed","ping_status":"closed","template":"","meta":{"footnotes":""},"class_list":["post-3758","page","type-page","status-publish","hentry"],"_links":{"self":[{"href":"https:\/\/www.adavaveiro.org\/index.php?rest_route=\/wp\/v2\/pages\/3758","targetHints":{"allow":["GET"]}}],"collection":[{"href":"https:\/\/www.adavaveiro.org\/index.php?rest_route=\/wp\/v2\/pages"}],"about":[{"href":"https:\/\/www.adavaveiro.org\/index.php?rest_route=\/wp\/v2\/types\/page"}],"author":[{"embeddable":true,"href":"https:\/\/www.adavaveiro.org\/index.php?rest_route=\/wp\/v2\/users\/8"}],"replies":[{"embeddable":true,"href":"https:\/\/www.adavaveiro.org\/index.php?rest_route=%2Fwp%2Fv2%2Fcomments&post=3758"}],"version-history":[{"count":5,"href":"https:\/\/www.adavaveiro.org\/index.php?rest_route=\/wp\/v2\/pages\/3758\/revisions"}],"predecessor-version":[{"id":4145,"href":"https:\/\/www.adavaveiro.org\/index.php?rest_route=\/wp\/v2\/pages\/3758\/revisions\/4145"}],"up":[{"embeddable":true,"href":"https:\/\/www.adavaveiro.org\/index.php?rest_route=\/wp\/v2\/pages\/5"}],"wp:attachment":[{"href":"https:\/\/www.adavaveiro.org\/index.php?rest_route=%2Fwp%2Fv2%2Fmedia&parent=3758"}],"curies":[{"name":"wp","href":"https:\/\/api.w.org\/{rel}","templated":true}]}}

4.ª CAMINHADA SOLIDÁRIA PELA VIDA – 23/10/2021

<p>No dia 23 de Outubro de 2021, decorreu a IV Caminhada Solidária pela Vida organizada pela ADAV, levando a Aveiro uma mensagem de esperança e alegria.</p>



<p><br>A ADAV agradece a todos os que puderam participar, e que contribuíram com o valor da sua inscrição ou com bens alimentares.</p>



<figure class="wp-block-image size-full"><img loading="lazy" decoding="async" width="720" height="480" src="http://www.adavaveiro.org/wp-content/uploads/2021/11/01.jpg" alt="" class="wp-image-3760" srcset="https://www.adavaveiro.org/wp-content/uploads/2021/11/01.jpg 720w, https://www.adavaveiro.org/wp-content/uploads/2021/11/01-300x200.jpg 300w, https://www.adavaveiro.org/wp-content/uploads/2021/11/01-260x173.jpg 260w, https://www.adavaveiro.org/wp-content/uploads/2021/11/01-450x300.jpg 450w" sizes="auto, (max-width: 720px) 100vw, 720px" /></figure>



<figure class="wp-block-image size-large"><img loading="lazy" decoding="async" width="1024" height="461" src="http://www.adavaveiro.org/wp-content/uploads/2021/11/02-1024x461.jpg" alt="" class="wp-image-3761" srcset="https://www.adavaveiro.org/wp-content/uploads/2021/11/02-1024x461.jpg 1024w, https://www.adavaveiro.org/wp-content/uploads/2021/11/02-300x135.jpg 300w, https://www.adavaveiro.org/wp-content/uploads/2021/11/02-260x117.jpg 260w, https://www.adavaveiro.org/wp-content/uploads/2021/11/02-768x345.jpg 768w, https://www.adavaveiro.org/wp-content/uploads/2021/11/02-1536x691.jpg 1536w, https://www.adavaveiro.org/wp-content/uploads/2021/11/02-500x225.jpg 500w, https://www.adavaveiro.org/wp-content/uploads/2021/11/02.jpg 2048w" sizes="auto, (max-width: 1024px) 100vw, 1024px" /></figure>



<figure class="wp-block-image size-large"><img loading="lazy" decoding="async" width="1024" height="461" src="http://www.adavaveiro.org/wp-content/uploads/2021/11/03-1024x461.jpg" alt="" class="wp-image-3762" srcset="https://www.adavaveiro.org/wp-content/uploads/2021/11/03-1024x461.jpg 1024w, https://www.adavaveiro.org/wp-content/uploads/2021/11/03-300x135.jpg 300w, https://www.adavaveiro.org/wp-content/uploads/2021/11/03-260x117.jpg 260w, https://www.adavaveiro.org/wp-content/uploads/2021/11/03-768x345.jpg 768w, https://www.adavaveiro.org/wp-content/uploads/2021/11/03-1536x691.jpg 1536w, https://www.adavaveiro.org/wp-content/uploads/2021/11/03-500x225.jpg 500w, https://www.adavaveiro.org/wp-content/uploads/2021/11/03.jpg 2048w" sizes="auto, (max-width: 1024px) 100vw, 1024px" /></figure>



<figure class="wp-block-image size-large"><img loading="lazy" decoding="async" width="1024" height="461" src="http://www.adavaveiro.org/wp-content/uploads/2021/11/04-1024x461.jpg" alt="" class="wp-image-3763" srcset="https://www.adavaveiro.org/wp-content/uploads/2021/11/04-1024x461.jpg 1024w, https://www.adavaveiro.org/wp-content/uploads/2021/11/04-300x135.jpg 300w, https://www.adavaveiro.org/wp-content/uploads/2021/11/04-260x117.jpg 260w, https://www.adavaveiro.org/wp-content/uploads/2021/11/04-768x345.jpg 768w, https://www.adavaveiro.org/wp-content/uploads/2021/11/04-1536x691.jpg 1536w, https://www.adavaveiro.org/wp-content/uploads/2021/11/04-500x225.jpg 500w, https://www.adavaveiro.org/wp-content/uploads/2021/11/04.jpg 2048w" sizes="auto, (max-width: 1024px) 100vw, 1024px" /></figure>



<figure class="wp-block-image size-large"><img loading="lazy" decoding="async" width="1024" height="1024" src="http://www.adavaveiro.org/wp-content/uploads/2021/11/05-1024x1024.jpg" alt="" class="wp-image-3764" srcset="https://www.adavaveiro.org/wp-content/uploads/2021/11/05-1024x1024.jpg 1024w, https://www.adavaveiro.org/wp-content/uploads/2021/11/05-300x300.jpg 300w, https://www.adavaveiro.org/wp-content/uploads/2021/11/05-260x260.jpg 260w, https://www.adavaveiro.org/wp-content/uploads/2021/11/05-768x768.jpg 768w, https://www.adavaveiro.org/wp-content/uploads/2021/11/05.jpg 1296w" sizes="auto, (max-width: 1024px) 100vw, 1024px" /></figure>



<figure class="wp-block-image size-large"><img loading="lazy" decoding="async" width="1024" height="1024" src="http://www.adavaveiro.org/wp-content/uploads/2021/11/06-1024x1024.jpg" alt="" class="wp-image-3765" srcset="https://www.adavaveiro.org/wp-content/uploads/2021/11/06-1024x1024.jpg 1024w, https://www.adavaveiro.org/wp-content/uploads/2021/11/06-300x300.jpg 300w, https://www.adavaveiro.org/wp-content/uploads/2021/11/06-260x260.jpg 260w, https://www.adavaveiro.org/wp-content/uploads/2021/11/06-768x768.jpg 768w, https://www.adavaveiro.org/wp-content/uploads/2021/11/06.jpg 1440w" sizes="auto, (max-width: 1024px) 100vw, 1024px" /></figure>



<p></p>

<p>No dia 23 de Outubro de 2021, decorreu a IV Caminhada Solidária pela Vida organizada pela ADAV, levando a Aveiro uma mensagem de esperança e alegria. A ADAV agradece a todos os que puderam participar, e que contribuíram com o &hellip; <a href="https://www.adavaveiro.org/?page_id=3758">Continuar a ler <span class="meta-nav">&rarr;</span></a></p>
